{"id":3975,"date":"2026-03-18T10:11:12","date_gmt":"2026-03-18T13:11:12","guid":{"rendered":"https:\/\/ecbblanca-bue.infd.edu.ar\/sitio\/?page_id=3975"},"modified":"2026-03-18T10:18:24","modified_gmt":"2026-03-18T13:18:24","slug":"pruebas-de-seleccion","status":"publish","type":"page","link":"https:\/\/ecbblanca-bue.infd.edu.ar\/sitio\/pruebas-de-seleccion\/","title":{"rendered":"Pruebas de selecci\u00f3n"},"content":{"rendered":"\n<h3 class=\"wp-block-heading\"><strong>Nueva Resoluci\u00f3n 6179\/25 para el Ingreso Docente en Nivel Superior<\/strong><\/h3>\n\n\n\n<p>Esta nueva resoluci\u00f3n (que reemplaza a la anterior 5886\/03) establece las reglas para cubrir cargos provisionales y suplentes en los institutos superiores (ISFD, ISFDyT, ISFT y art\u00edsticos) de gesti\u00f3n estatal en la provincia.<\/p>\n\n\n\n<p>Esto aplica para:<\/p>\n\n\n\n<ul>\n<li>M\u00f3dulos\/horas c\u00e1tedra de unidades curriculares (materias).<\/li>\n\n\n\n<li>Cargos docentes de base: Preceptor\/a, Bibliotecario\/a, Encargado\/a de Medios de Apoyo T\u00e9cnico Pedag\u00f3gico (EMATP), Int\u00e9rprete de Lengua de Se\u00f1as (LSA), y Fonoaudi\u00f3logo\/a.<\/li>\n<\/ul>\n\n\n\n<p>El proceso de selecci\u00f3n se llama \u00abPrueba de Selecci\u00f3n por evaluaci\u00f3n de t\u00edtulos, antecedentes y oposici\u00f3n\u00bb. Su objetivo es garantizar la idoneidad de los docentes.<\/p>\n\n\n\n<hr class=\"wp-block-separator has-alpha-channel-opacity\"\/>\n\n\n\n<h3 class=\"wp-block-heading\"><strong>Posibilidades y Requisitos para Postularse<\/strong><\/h3>\n\n\n\n<h4 class=\"wp-block-heading\">1. \u00bfQui\u00e9nes pueden postularse y de qu\u00e9 manera?<\/h4>\n\n\n\n<p>Existen diferentes caminos para participar, dependiendo de tu t\u00edtulo y situaci\u00f3n de revista. Se generan dos listados principales de postulantes: Listado A y Listado B.<\/p>\n\n\n\n<ul>\n<li>Listado A (Acceso directo):\n<ul>\n<li>Qui\u00e9nes: Docentes que, seg\u00fan el Art\u00edculo 60 del Estatuto del Docente, poseen el t\u00edtulo habilitante espec\u00edfico para la unidad curricular o cargo al que se postulan.<\/li>\n\n\n\n<li>C\u00f3mo acceden: Su puntaje de t\u00edtulos y antecedentes se compone de: la valoraci\u00f3n del Art. 60 (hecha por un Tribunal) + la valoraci\u00f3n de \u00abantecedentes espec\u00edficos\u00bb (hecha por la Comisi\u00f3n Evaluadora del instituto).<\/li>\n<\/ul>\n<\/li>\n\n\n\n<li>Listado B (Acceso con condiciones):\n<ul>\n<li>Qui\u00e9nes:\n<ol>\n<li>Docentes con t\u00edtulo habilitante para el Nivel Superior, pero en una disciplina af\u00edn (no espec\u00edfica) a la unidad curricular de la convocatoria.<\/li>\n\n\n\n<li>T\u00e9cnicos\/as Superiores con t\u00edtulo de validez nacional que se postulen para carreras t\u00e9cnicas (o el eje t\u00e9cnico de profesorados), siempre que adem\u00e1s tengan t\u00edtulo docente o un tramo de formaci\u00f3n pedag\u00f3gica.<\/li>\n\n\n\n<li>Docentes jubilados\/as (con t\u00edtulo habilitante) que se postulen.<\/li>\n<\/ol>\n<\/li>\n\n\n\n<li>C\u00f3mo acceden: Su puntaje de t\u00edtulos y antecedentes se compone solo de la valoraci\u00f3n de \u00abantecedentes espec\u00edficos\u00bb hecha por la Comisi\u00f3n Evaluadora. No se les asigna puntaje por el Art\u00edculo 60.<\/li>\n<\/ul>\n<\/li>\n<\/ul>\n\n\n\n<h4 class=\"wp-block-heading\"><strong>2. Requisitos y Excepciones Clave<\/strong><\/h4>\n\n\n\n<ul>\n<li>L\u00edmite de Edad: La edad m\u00e1xima para poder presentarse es de 65 a\u00f1os.<\/li>\n\n\n\n<li>Documentaci\u00f3n principal a presentar:\n<ul>\n<li>Formularios de inscripci\u00f3n (Anexo 9).<\/li>\n\n\n\n<li>\u00abOblea\u00bb del Listado 108 A Superior (constancia de puntaje de t\u00edtulos y antecedentes emitida por la DGCyE). Si no la tienes, deber\u00e1s presentar toda la documentaci\u00f3n respaldatoria para que te eval\u00faen el Art. 60.<\/li>\n\n\n\n<li>Probanzas de los t\u00edtulos y antecedentes que quieras que se consideren como \u00abespec\u00edficos\u00bb.<\/li>\n<\/ul>\n<\/li>\n<\/ul>\n\n\n\n<ul>\n<li>Excepci\u00f3n importante (para Tecnicaturas): Si la convocatoria es para una Tecnicatura Superior, una persona con t\u00edtulo de Nivel Superior en disciplina af\u00edn, pero SIN t\u00edtulo docente, podr\u00e1 participar y ser designada solo para ese cargo espec\u00edfico. No conformar\u00e1 un listado (A o B) y solo ser\u00e1 considerada si no hay postulantes en los listados institucionales y distritales que acepten el cargo.<\/li>\n\n\n\n<li>Jubilados\/as: Un docente jubilado no puede cubrir la misma vacante que dej\u00f3 al jubilarse, salvo que sea la \u00fanica opci\u00f3n despu\u00e9s de agotar todos los listados (A y B institucionales y distritales). Si se postula a otra vacante, ir\u00e1 al Listado B.<\/li>\n<\/ul>\n\n\n\n<figure class=\"wp-block-image size-full\"><img decoding=\"async\" loading=\"lazy\" width=\"710\" height=\"358\" src=\"https:\/\/ecbblanca-bue.infd.edu.ar\/sitio\/wp-content\/uploads\/2026\/03\/image.png\" alt=\"\" class=\"wp-image-3976\"\/><\/figure>\n\n\n\n<hr class=\"wp-block-separator has-alpha-channel-opacity\"\/>\n\n\n\n<h3 class=\"wp-block-heading\"><strong>Las 4 Instancias del Concurso<\/strong><\/h3>\n\n\n\n<p>El proceso de selecci\u00f3n es eliminatorio y consta de cuatro etapas:<\/p>\n\n\n\n<ol>\n<li>Evaluaci\u00f3n de T\u00edtulos y Antecedentes: La Comisi\u00f3n Evaluadora (CE) revisa tu t\u00edtulo y tus antecedentes para determinar si entras en Listado A, B o quedas excluido. Los antecedentes \u00abespec\u00edficos\u00bb (no bonificados por el Art. 60) suman hasta 20 puntos en esta fase.<\/li>\n\n\n\n<li>Presentaci\u00f3n de la Propuesta Pedag\u00f3gica: Debes presentar un documento escrito (de hasta 15 carillas para materias, 10 para cargos) donde detallas c\u00f3mo planificas tu tarea docente. Para las materias, la propuesta debe seguir una estructura muy detallada (fundamentaci\u00f3n, prop\u00f3sitos, contenidos, etc.). Se debe aprobar con un puntaje m\u00ednimo.<\/li>\n\n\n\n<li>Clase P\u00fablica: Solo para postulantes a m\u00f3dulos\/horas c\u00e1tedra. La Comisi\u00f3n te dar\u00e1 3 temas del programa. T\u00fa eliges uno y preparas una clase (de 20-30 minutos) para justificar y fundamentar tu planificaci\u00f3n ante la CE.<\/li>\n\n\n\n<li>Entrevista: Para todos los postulantes (materias y cargos). La CE profundiza en tu propuesta, tu conocimiento del rol, tu capacidad de argumentaci\u00f3n y otros aspectos que no hayan quedado claros en las etapas anteriores.<\/li>\n<\/ol>\n\n\n\n<h3 class=\"wp-block-heading\"><strong>Puntajes M\u00ednimos para Aprobar<\/strong><\/h3>\n\n\n\n<ul>\n<li>Antecedentes Espec\u00edficos: El puntaje m\u00ednimo para pasar a la siguiente etapa lo define la Comisi\u00f3n en la convocatoria (sobre un m\u00e1ximo de 20 puntos).<\/li>\n\n\n\n<li>Propuesta Pedag\u00f3gica: 28 puntos sobre 40.<\/li>\n\n\n\n<li>Clase P\u00fablica: 35 puntos sobre 50.<\/li>\n\n\n\n<li>Entrevista: 35 puntos sobre 50 (para materias) \/ 80 puntos sobre 120 (para cargos como preceptor, bibliotecario, etc.).<\/li>\n<\/ul>\n\n\n\n<p>El puntaje final es la suma de todas las instancias. Con \u00e9l, se elabora un orden de m\u00e9rito (Listados A y B) que tendr\u00e1 una vigencia de 36 meses (3 a\u00f1os).<\/p>\n\n\n\n<h3 class=\"wp-block-heading\"><strong>\u00bfC\u00f3mo funciona la designaci\u00f3n?<\/strong><\/h3>\n\n\n\n<p>Cuando surge una vacante, la designaci\u00f3n se realiza en el siguiente orden:<\/p>\n\n\n\n<ol>\n<li>Primero, se ofrece a los listados institucionales (del mismo instituto).<\/li>\n\n\n\n<li>Si no hay candidatos o no aceptan, se pasa al listado distrital.<\/li>\n\n\n\n<li>Luego, a los listados de distritos vecinos.<\/li>\n\n\n\n<li>Por \u00faltimo, se aplican las excepciones (t\u00e9cnicos sin t\u00edtulo docente, jubilados en su propia vacante, etc.).<\/li>\n\n\n\n<li>Si a\u00fan as\u00ed no se cubre, se debe hacer un segundo llamado a concurso.<\/li>\n<\/ol>\n\n\n\n<h2 class=\"wp-block-heading\">Documentaci\u00f3n<\/h2>\n\n\n\n<p><a href=\"https:\/\/drive.google.com\/file\/d\/1qQtky1RSQsmvdGZjnsUpVxLqbuzEb-sr\/view?usp=sharing\" target=\"_blank\" rel=\"noreferrer noopener\">Resoluci\u00f3n 6179\/25<\/a><\/p>\n\n\n\n<p><a href=\"https:\/\/drive.google.com\/file\/d\/1ieeSJxDn9C8rG9M9gXGy1Ta-81ujFL3_\/view?usp=sharing\" target=\"_blank\" rel=\"noreferrer noopener\">PROPUESTA PEDAG\u00d3GICA &#8211; Orientaci\u00f3n para la presentaci\u00f3n<\/a><\/p>\n\n\n\n<p><a href=\"https:\/\/docs.google.com\/document\/d\/1bQq_-XjLRLTzjBkH2PpwUCM1K8MHclCZiGJtpk5zjYg\/edit?usp=sharing\" target=\"_blank\" rel=\"noreferrer noopener\">PROPUESTA PEDAG\u00d3GICA PRECEPTOR\u00cdA &#8211; Orientaci\u00f3n para la presentaci\u00f3n<\/a><\/p>\n\n\n\n<p><a href=\"https:\/\/drive.google.com\/file\/d\/1gXSI_K5qf9WENo70YLk92vuH0Qk12Eoj\/view?usp=sharing\" target=\"_blank\" rel=\"noreferrer noopener\">T\u00cdTULOS Y ANTECEDENTES &#8211; Pautas para valoraci\u00f3n<\/a><\/p>\n\n\n\n<p><a href=\"https:\/\/drive.google.com\/file\/d\/1lpipDrzRECx_w9aZywBIMHESOevLtPM1\/view?usp=sharing\" target=\"_blank\" rel=\"noreferrer noopener\">INSCRIPCI\u00d3N ASPIRANTES &#8211; Formularios<\/a><\/p>\n\n\n\n<p><a rel=\"noreferrer noopener\" href=\"https:\/\/manuales.gba.gob.ar\/info\/CONFORMACI%C3%93NDOMICILIODIGITAL.pdf\" target=\"_blank\">Manual Domicilio Electr\u00f3nico Digital<\/a> <\/p>\n\n\n\n<figure class=\"wp-block-embed is-type-video is-provider-youtube wp-block-embed-youtube wp-embed-aspect-4-3 wp-has-aspect-ratio\"><div class=\"wp-block-embed__wrapper\">\n<iframe loading=\"lazy\" title=\"Conformaci\u00f3n de Domicilio Electr\u00f3nico\" width=\"1200\" height=\"900\" src=\"https:\/\/www.youtube.com\/embed\/vps9sot4Auc?feature=oembed\" frameborder=\"0\" allow=\"accelerometer; autoplay; clipboard-write; encrypted-media; gyroscope; picture-in-picture; web-share\" referrerpolicy=\"strict-origin-when-cross-origin\" allowfullscreen><\/iframe>\n<\/div><\/figure>\n","protected":false},"excerpt":{"rendered":"<p>Nueva Resoluci\u00f3n 6179\/25 para el Ingreso Docente en Nivel Superior Esta nueva resoluci\u00f3n (que reemplaza a la anterior 5886\/03) establece las reglas para cubrir cargos provisionales y suplentes en los institutos superiores (ISFD, ISFDyT, ISFT y art\u00edsticos) de gesti\u00f3n estatal en la provincia. Esto aplica para: El proceso de selecci\u00f3n se llama \u00abPrueba de Selecci\u00f3n &#8230; <a title=\"Pruebas de selecci\u00f3n\" class=\"read-more\" href=\"https:\/\/ecbblanca-bue.infd.edu.ar\/sitio\/pruebas-de-seleccion\/\" aria-label=\"More on Pruebas de selecci\u00f3n\">[+]<\/a><\/p>\n","protected":false},"author":134,"featured_media":0,"parent":0,"menu_order":0,"comment_status":"closed","ping_status":"closed","template":"","meta":[],"acf":[],"_links":{"self":[{"href":"https:\/\/ecbblanca-bue.infd.edu.ar\/sitio\/wp-json\/wp\/v2\/pages\/3975"}],"collection":[{"href":"https:\/\/ecbblanca-bue.infd.edu.ar\/sitio\/wp-json\/wp\/v2\/pages"}],"about":[{"href":"https:\/\/ecbblanca-bue.infd.edu.ar\/sitio\/wp-json\/wp\/v2\/types\/page"}],"author":[{"embeddable":true,"href":"https:\/\/ecbblanca-bue.infd.edu.ar\/sitio\/wp-json\/wp\/v2\/users\/134"}],"replies":[{"embeddable":true,"href":"https:\/\/ecbblanca-bue.infd.edu.ar\/sitio\/wp-json\/wp\/v2\/comments?post=3975"}],"version-history":[{"count":2,"href":"https:\/\/ecbblanca-bue.infd.edu.ar\/sitio\/wp-json\/wp\/v2\/pages\/3975\/revisions"}],"predecessor-version":[{"id":3980,"href":"https:\/\/ecbblanca-bue.infd.edu.ar\/sitio\/wp-json\/wp\/v2\/pages\/3975\/revisions\/3980"}],"wp:attachment":[{"href":"https:\/\/ecbblanca-bue.infd.edu.ar\/sitio\/wp-json\/wp\/v2\/media?parent=3975"}],"curies":[{"name":"wp","href":"https:\/\/api.w.org\/{rel}","templated":true}]}}