{"id":3568,"date":"2025-02-07T10:13:10","date_gmt":"2025-02-07T13:13:10","guid":{"rendered":"https:\/\/ecbblanca-bue.infd.edu.ar\/sitio\/?page_id=3568"},"modified":"2025-12-29T11:34:58","modified_gmt":"2025-12-29T14:34:58","slug":"calendario-academico-docentes","status":"publish","type":"page","link":"https:\/\/ecbblanca-bue.infd.edu.ar\/sitio\/calendario-academico-docentes\/","title":{"rendered":"Calendario Acad\u00e9mico Docentes"},"content":{"rendered":"\n<h2 class=\"wp-block-heading has-text-align-center\"><strong style=\"font-family: verdana, geneva; font-size: 12pt;\">2026<\/strong><\/h2>\n\n\n\n<h2 class=\"wp-block-heading has-text-align-center\">Inicio de clases<\/h2>\n\n\n\n<p class=\"has-text-align-center\">Formaciones B\u00e1sicas, Tecnicaturas y Profesorados <\/p>\n\n\n\n<p class=\"has-text-align-center has-text-color\" style=\"color:#ff0000\"><strong>16 de marzo<\/strong><\/p>\n\n\n\n<hr class=\"wp-block-separator has-alpha-channel-opacity\"\/>\n\n\n\n<h2 class=\"wp-block-heading has-text-align-center\">Primer cuatrimestre<\/h2>\n\n\n\n<p class=\"has-text-align-center has-text-color\" style=\"color:#ff0000\"><strong>16 de marzo hasta el 17 de julio<\/strong><\/p>\n\n\n\n<hr class=\"wp-block-separator has-alpha-channel-opacity\"\/>\n\n\n\n<p class=\"has-text-align-center\"><strong>Mesas de examen Febrero<\/strong><\/p>\n\n\n\n<p class=\"has-text-align-center has-text-color\" style=\"color:#ff0000\"><strong>17 al 28 de febrero<\/strong><\/p>\n\n\n\n<p class=\"has-text-align-center\"><strong>Ingreso por nivelaci\u00f3n<\/strong><\/p>\n\n\n\n<p class=\"has-text-align-center has-text-color\" style=\"color:#f80000\"><strong>17 al 28 de febrero<\/strong><\/p>\n\n\n\n<p class=\"has-text-align-center\"><strong>Entrega de declaraci\u00f3n jurada <\/strong><\/p>\n\n\n\n<p class=\"has-text-align-center has-text-color\" style=\"color:#ff0000\"><strong>del 10 al 14 de marzo<\/strong><\/p>\n\n\n\n<p class=\"has-text-align-center\"><strong>Actualizaci\u00f3n formulario datos filiatorios<\/strong><\/p>\n\n\n\n<p class=\"has-text-align-center has-text-color\" style=\"color:#ff0000\"><strong>30 de marzo<\/strong><\/p>\n\n\n\n<p class=\"has-text-align-center\"><strong>Evaluaci\u00f3n de equivalencias<\/strong><\/p>\n\n\n\n<p class=\"has-text-align-center has-text-color\" style=\"color:#ff0000\"><strong>10 de marzo<\/strong><\/p>\n\n\n\n<p class=\"has-text-align-center\"><strong>Entrega de planificaciones a Jefaturas<\/strong><\/p>\n\n\n\n<p class=\"has-text-align-center has-text-color\" style=\"color:#ff0000\"><strong>del 10 al 14 de marzo<\/strong><\/p>\n\n\n\n<p class=\"has-text-align-center\"><strong>Entrega de planificaciones a estudiantes<\/strong><\/p>\n\n\n\n<p class=\"has-text-align-center has-text-color\" style=\"color:#ff0000\"><strong>16 de marzo<\/strong><\/p>\n\n\n\n<p class=\"has-text-align-center\"><strong>CARGA DE NOTAS DE CURSADA<\/strong><\/p>\n\n\n\n<p class=\"has-text-align-center has-text-color\" style=\"color:#ff0000\"><strong>13 al 17 de julio<\/strong><\/p>\n\n\n\n<hr class=\"wp-block-separator has-alpha-channel-opacity\"\/>\n\n\n\n<h2 class=\"wp-block-heading has-text-align-center\">Receso invernal<\/h2>\n\n\n\n<p class=\"has-text-align-center has-text-color\" style=\"color:#ff0000\"><strong>20 al 31 de julio <\/strong><\/p>\n\n\n\n<hr class=\"wp-block-separator has-alpha-channel-opacity\"\/>\n\n\n\n<h2 class=\"wp-block-heading has-text-align-center\">Segundo cuatrimestre<\/h2>\n\n\n\n<p class=\"has-text-align-center has-text-color\" style=\"color:#ff0000\"><strong>3 de agosto hasta el 27 de noviembre<\/strong><\/p>\n\n\n\n<hr class=\"wp-block-separator has-alpha-channel-opacity\"\/>\n\n\n\n<p class=\"has-text-align-center\"><strong>Mesas de examen 3\u00b0 Turno Agosto<\/strong><\/p>\n\n\n\n<p class=\"has-text-align-center has-text-color\" style=\"color:#ff0000\"><strong>3 al 7 de agosto<\/strong><\/p>\n\n\n\n<p class=\"has-text-align-center\"><strong>Semana de las Artes<\/strong><\/p>\n\n\n\n<p class=\"has-text-align-center has-text-color\" style=\"color:#fe0000\"><strong>22 de septiembre al 2 de octubre<\/strong><\/p>\n\n\n\n<p class=\"has-text-align-center\"><strong>Entrega SET 4 calificaci\u00f3n anual docente<\/strong><\/p>\n\n\n\n<p class=\"has-text-align-center has-text-color\" style=\"color:#fe0000\"><strong>1 al 15 de noviembre<\/strong><\/p>\n\n\n\n<p class=\"has-text-align-center\"><strong>CARGA DE NOTAS DE CURSADA<\/strong><\/p>\n\n\n\n<p class=\"has-text-align-center has-text-color\" style=\"color:#ff0000\"><strong>16 al 20 de Noviembre<\/strong><\/p>\n\n\n\n<p class=\"has-text-align-center\"><strong>PROMOCI\u00d3N DIRECTA A LIBRO<\/strong><\/p>\n\n\n\n<p class=\"has-text-align-center has-text-color\" style=\"color:#ff0000\"><strong>16 al 20 de Noviembre<\/strong><\/p>\n\n\n\n<p class=\"has-text-align-center\"><strong>MESAS DE EXAMEN Y PER\u00cdODO DE INTENSIFICACI\u00d3N<\/strong><\/p>\n\n\n\n<p class=\"has-text-align-center has-text-color\" style=\"color:#ff0000\"><strong>30 de noviembre al 18 de diciembre<\/strong><\/p>\n\n\n\n<p><\/p>\n\n\n\n<p>*Fechas modificables seg\u00fan calendario escolar oficial<\/p>\n","protected":false},"excerpt":{"rendered":"<p>2026 Inicio de clases Formaciones B\u00e1sicas, Tecnicaturas y Profesorados 16 de marzo Primer cuatrimestre 16 de marzo hasta el 17 de julio Mesas de examen Febrero 17 al 28 de febrero Ingreso por nivelaci\u00f3n 17 al 28 de febrero Entrega de declaraci\u00f3n jurada del 10 al 14 de marzo Actualizaci\u00f3n formulario datos filiatorios 30 de &#8230; <a title=\"Calendario Acad\u00e9mico Docentes\" class=\"read-more\" href=\"https:\/\/ecbblanca-bue.infd.edu.ar\/sitio\/calendario-academico-docentes\/\" aria-label=\"More on Calendario Acad\u00e9mico Docentes\">[+]<\/a><\/p>\n","protected":false},"author":134,"featured_media":0,"parent":0,"menu_order":0,"comment_status":"closed","ping_status":"closed","template":"","meta":[],"acf":[],"_links":{"self":[{"href":"https:\/\/ecbblanca-bue.infd.edu.ar\/sitio\/wp-json\/wp\/v2\/pages\/3568"}],"collection":[{"href":"https:\/\/ecbblanca-bue.infd.edu.ar\/sitio\/wp-json\/wp\/v2\/pages"}],"about":[{"href":"https:\/\/ecbblanca-bue.infd.edu.ar\/sitio\/wp-json\/wp\/v2\/types\/page"}],"author":[{"embeddable":true,"href":"https:\/\/ecbblanca-bue.infd.edu.ar\/sitio\/wp-json\/wp\/v2\/users\/134"}],"replies":[{"embeddable":true,"href":"https:\/\/ecbblanca-bue.infd.edu.ar\/sitio\/wp-json\/wp\/v2\/comments?post=3568"}],"version-history":[{"count":12,"href":"https:\/\/ecbblanca-bue.infd.edu.ar\/sitio\/wp-json\/wp\/v2\/pages\/3568\/revisions"}],"predecessor-version":[{"id":3955,"href":"https:\/\/ecbblanca-bue.infd.edu.ar\/sitio\/wp-json\/wp\/v2\/pages\/3568\/revisions\/3955"}],"wp:attachment":[{"href":"https:\/\/ecbblanca-bue.infd.edu.ar\/sitio\/wp-json\/wp\/v2\/media?parent=3568"}],"curies":[{"name":"wp","href":"https:\/\/api.w.org\/{rel}","templated":true}]}}

Calendario Académico Docentes

<h2 class="wp-block-heading has-text-align-center"><strong style="font-family: verdana, geneva; font-size: 12pt;">2026</strong></h2>



<h2 class="wp-block-heading has-text-align-center">Inicio de clases</h2>



<p class="has-text-align-center">Formaciones Básicas, Tecnicaturas y Profesorados </p>



<p class="has-text-align-center has-text-color" style="color:#ff0000"><strong>16 de marzo</strong></p>



<hr class="wp-block-separator has-alpha-channel-opacity"/>



<h2 class="wp-block-heading has-text-align-center">Primer cuatrimestre</h2>



<p class="has-text-align-center has-text-color" style="color:#ff0000"><strong>16 de marzo hasta el 17 de julio</strong></p>



<hr class="wp-block-separator has-alpha-channel-opacity"/>



<p class="has-text-align-center"><strong>Mesas de examen Febrero</strong></p>



<p class="has-text-align-center has-text-color" style="color:#ff0000"><strong>17 al 28 de febrero</strong></p>



<p class="has-text-align-center"><strong>Ingreso por nivelación</strong></p>



<p class="has-text-align-center has-text-color" style="color:#f80000"><strong>17 al 28 de febrero</strong></p>



<p class="has-text-align-center"><strong>Entrega de declaración jurada </strong></p>



<p class="has-text-align-center has-text-color" style="color:#ff0000"><strong>del 10 al 14 de marzo</strong></p>



<p class="has-text-align-center"><strong>Actualización formulario datos filiatorios</strong></p>



<p class="has-text-align-center has-text-color" style="color:#ff0000"><strong>30 de marzo</strong></p>



<p class="has-text-align-center"><strong>Evaluación de equivalencias</strong></p>



<p class="has-text-align-center has-text-color" style="color:#ff0000"><strong>10 de marzo</strong></p>



<p class="has-text-align-center"><strong>Entrega de planificaciones a Jefaturas</strong></p>



<p class="has-text-align-center has-text-color" style="color:#ff0000"><strong>del 10 al 14 de marzo</strong></p>



<p class="has-text-align-center"><strong>Entrega de planificaciones a estudiantes</strong></p>



<p class="has-text-align-center has-text-color" style="color:#ff0000"><strong>16 de marzo</strong></p>



<p class="has-text-align-center"><strong>CARGA DE NOTAS DE CURSADA</strong></p>



<p class="has-text-align-center has-text-color" style="color:#ff0000"><strong>13 al 17 de julio</strong></p>



<hr class="wp-block-separator has-alpha-channel-opacity"/>



<h2 class="wp-block-heading has-text-align-center">Receso invernal</h2>



<p class="has-text-align-center has-text-color" style="color:#ff0000"><strong>20 al 31 de julio </strong></p>



<hr class="wp-block-separator has-alpha-channel-opacity"/>



<h2 class="wp-block-heading has-text-align-center">Segundo cuatrimestre</h2>



<p class="has-text-align-center has-text-color" style="color:#ff0000"><strong>3 de agosto hasta el 27 de noviembre</strong></p>



<hr class="wp-block-separator has-alpha-channel-opacity"/>



<p class="has-text-align-center"><strong>Mesas de examen 3° Turno Agosto</strong></p>



<p class="has-text-align-center has-text-color" style="color:#ff0000"><strong>3 al 7 de agosto</strong></p>



<p class="has-text-align-center"><strong>Semana de las Artes</strong></p>



<p class="has-text-align-center has-text-color" style="color:#fe0000"><strong>22 de septiembre al 2 de octubre</strong></p>



<p class="has-text-align-center"><strong>Entrega SET 4 calificación anual docente</strong></p>



<p class="has-text-align-center has-text-color" style="color:#fe0000"><strong>1 al 15 de noviembre</strong></p>



<p class="has-text-align-center"><strong>CARGA DE NOTAS DE CURSADA</strong></p>



<p class="has-text-align-center has-text-color" style="color:#ff0000"><strong>16 al 20 de Noviembre</strong></p>



<p class="has-text-align-center"><strong>PROMOCIÓN DIRECTA A LIBRO</strong></p>



<p class="has-text-align-center has-text-color" style="color:#ff0000"><strong>16 al 20 de Noviembre</strong></p>



<p class="has-text-align-center"><strong>MESAS DE EXAMEN Y PERÍODO DE INTENSIFICACIÓN</strong></p>



<p class="has-text-align-center has-text-color" style="color:#ff0000"><strong>30 de noviembre al 18 de diciembre</strong></p>



<p></p>



<p>*Fechas modificables según calendario escolar oficial</p>

<p>2026 Inicio de clases Formaciones Básicas, Tecnicaturas y Profesorados 16 de marzo Primer cuatrimestre 16 de marzo hasta el 17 de julio Mesas de examen Febrero 17 al 28 de febrero Ingreso por nivelación 17 al 28 de febrero Entrega de declaración jurada del 10 al 14 de marzo Actualización formulario datos filiatorios 30 de &#8230; <a title="Calendario Académico Docentes" class="read-more" href="https://ecbblanca-bue.infd.edu.ar/sitio/calendario-academico-docentes/" aria-label="More on Calendario Académico Docentes">[+]</a></p>
