{"id":2195,"date":"2023-03-31T20:00:00","date_gmt":"2023-03-31T23:00:00","guid":{"rendered":"https:\/\/ecbblanca-bue.infd.edu.ar\/sitio\/?page_id=2195"},"modified":"2023-03-31T20:04:54","modified_gmt":"2023-03-31T23:04:54","slug":"formulario-informacion-de-propuestas-didacticas","status":"publish","type":"page","link":"https:\/\/ecbblanca-bue.infd.edu.ar\/sitio\/formulario-informacion-de-propuestas-didacticas\/","title":{"rendered":"Formulario informaci\u00f3n de propuestas did\u00e1cticas"},"content":{"rendered":"\n<p>En el siguiente formulario se recopila la informaci\u00f3n sobre propuestas did\u00e1cticas.<\/p>\n\n\n\n<p>Se incluyen datos sobre la persona a cargo de la <strong>coordinaci\u00f3n de la actividad<\/strong> e <strong>informaci\u00f3n para la difusi\u00f3n <\/strong><em>(Los datos se copiar\u00e1n en afiches, gacetillas y dem\u00e1s v\u00edas de difusi\u00f3n tal cual aparezcan en este formulario. Por este motivo se ruega revisar minuciosamente la informaci\u00f3n prestando atenci\u00f3n a ortograf\u00eda, nombres propios, fechas y horarios, redacci\u00f3n, etc.)<\/em><\/p>\n\n\n\n<p>Completar el formulario con al menos diez d\u00edas de anticipaci\u00f3n al evento.<\/p>\n\n\n\n<div class=\"wp-block-buttons is-layout-flex\">\n<div class=\"wp-block-button is-style-fill\"><a class=\"wp-block-button__link has-background wp-element-button\" href=\"https:\/\/forms.gle\/pqYNrGV95fhVzLxX8\" style=\"background-color:#dd1b1b\" target=\"_blank\" rel=\"noreferrer noopener\">Click aqu\u00ed para completar el formulario<\/a><\/div>\n<\/div>\n\n\n\n<p>Se ruega informar cada vez que se agregu\u00e9 una nueva actividad a ematpdanza@gmail.com<\/p>\n","protected":false},"excerpt":{"rendered":"<p>En el siguiente formulario se recopila la informaci\u00f3n sobre propuestas did\u00e1cticas. Se incluyen datos sobre la persona a cargo de la coordinaci\u00f3n de la actividad e informaci\u00f3n para la difusi\u00f3n (Los datos se copiar\u00e1n en afiches, gacetillas y dem\u00e1s v\u00edas de difusi\u00f3n tal cual aparezcan en este formulario. Por este motivo se ruega revisar minuciosamente &#8230; <a title=\"Formulario informaci\u00f3n de propuestas did\u00e1cticas\" class=\"read-more\" href=\"https:\/\/ecbblanca-bue.infd.edu.ar\/sitio\/formulario-informacion-de-propuestas-didacticas\/\" aria-label=\"More on Formulario informaci\u00f3n de propuestas did\u00e1cticas\">[+]<\/a><\/p>\n","protected":false},"author":615,"featured_media":0,"parent":0,"menu_order":0,"comment_status":"closed","ping_status":"closed","template":"","meta":[],"acf":[],"_links":{"self":[{"href":"https:\/\/ecbblanca-bue.infd.edu.ar\/sitio\/wp-json\/wp\/v2\/pages\/2195"}],"collection":[{"href":"https:\/\/ecbblanca-bue.infd.edu.ar\/sitio\/wp-json\/wp\/v2\/pages"}],"about":[{"href":"https:\/\/ecbblanca-bue.infd.edu.ar\/sitio\/wp-json\/wp\/v2\/types\/page"}],"author":[{"embeddable":true,"href":"https:\/\/ecbblanca-bue.infd.edu.ar\/sitio\/wp-json\/wp\/v2\/users\/615"}],"replies":[{"embeddable":true,"href":"https:\/\/ecbblanca-bue.infd.edu.ar\/sitio\/wp-json\/wp\/v2\/comments?post=2195"}],"version-history":[{"count":2,"href":"https:\/\/ecbblanca-bue.infd.edu.ar\/sitio\/wp-json\/wp\/v2\/pages\/2195\/revisions"}],"predecessor-version":[{"id":2199,"href":"https:\/\/ecbblanca-bue.infd.edu.ar\/sitio\/wp-json\/wp\/v2\/pages\/2195\/revisions\/2199"}],"wp:attachment":[{"href":"https:\/\/ecbblanca-bue.infd.edu.ar\/sitio\/wp-json\/wp\/v2\/media?parent=2195"}],"curies":[{"name":"wp","href":"https:\/\/api.w.org\/{rel}","templated":true}]}}