{"id":1770,"date":"2022-02-17T21:08:35","date_gmt":"2022-02-18T00:08:35","guid":{"rendered":"https:\/\/ecbblanca-bue.infd.edu.ar\/sitio\/?page_id=1770"},"modified":"2025-03-06T21:01:53","modified_gmt":"2025-03-07T00:01:53","slug":"ballet-tango","status":"publish","type":"page","link":"https:\/\/ecbblanca-bue.infd.edu.ar\/sitio\/ballet-tango\/","title":{"rendered":"Compa\u00f1\u00eda de Tango"},"content":{"rendered":"\n<p>La <strong>COMPA\u00d1\u00cdA DE TANGO<\/strong> no solo es una oportunidad para perfeccionamiento de diversas t\u00e9cnicas en esta danza folkl\u00f3rica, sino tambi\u00e9n para establecer una v\u00eda de comunicaci\u00f3n abierta a personas de diferentes niveles de experiencia.<br>Se trabajar\u00e1 sobre: coreograf\u00eda y sus t\u00e9cnicas, improvisaci\u00f3n en tango sal\u00f3n, orientaciones para competencias, ya sea en grupo, en pareja o individual. Adem\u00e1s de promover el perfeccionamiento a trav\u00e9s de diferentes Maestros invitados.<br>Este espacio contribuye a completar la formaci\u00f3n y perfeccionamiento de un bailar\u00edn de Tango escenario y sal\u00f3n , como tambi\u00e9n permite tener embajadores de nuestra ciudad en diversas competencias a nivel nacional e internacional.<\/p>\n\n\n\n<p>Ser\u00e1 condici\u00f3n para completar la Trayectoria Formativa en la Tecnicatura de Tango, participar al menos un a\u00f1o en el espacio de extensi\u00f3n Compa\u00f1\u00edade Tango. Asimismo se propone como parte de la Trayectoria la participaci\u00f3n en el Proyecto Institucional en funciones de fin de ciclo y muestras de carreras y actos escolares.<\/p>\n\n\n\n<p><strong>HORARIO<\/strong>: S\u00e1bados 13 a 17 hs.<\/p>\n\n\n\n<p><strong>DOCENTES<\/strong>: <em>Directora<\/em>: Cintia Far\u00edas | <em>Ayudante de c\u00e1tedra<\/em>: Ramiro Belmonte<\/p>\n\n\n\n<p><strong>REQUISITOS<\/strong>: Ser estudiante regular de la instituci\u00f3n, egresado\/a o docente. Para ser estudiante regular es necesario estar inscripto y cursar al menos una materia en alguna de las carreras que ofrece la Escuela de Danzas. Abierto a la comunidad para personas con experiencia en Tango.<\/p>\n\n\n\n<p><strong>CONTACTO<\/strong>:&nbsp;Tangobed2021@gmail.com | 2914197168 | 2914223742 | Instagram @Tangobed2024 <\/p>\n\n\n\n<figure class=\"wp-block-gallery has-nested-images columns-default is-cropped wp-block-gallery-1 is-layout-flex\">\n<figure class=\"wp-block-image size-large\"><img decoding=\"async\" loading=\"lazy\" width=\"1600\" height=\"1204\" data-id=\"2501\"  src=\"https:\/\/ecbblanca-bue.infd.edu.ar\/sitio\/wp-content\/uploads\/2023\/09\/WhatsApp-Image-2023-08-19-at-7.59.43-PM-1.jpeg\" alt=\"\" class=\"wp-image-2501\" srcset=\"https:\/\/ecbblanca-bue.infd.edu.ar\/sitio\/wp-content\/uploads\/2023\/09\/WhatsApp-Image-2023-08-19-at-7.59.43-PM-1.jpeg 1600w, https:\/\/ecbblanca-bue.infd.edu.ar\/sitio\/wp-content\/uploads\/2023\/09\/WhatsApp-Image-2023-08-19-at-7.59.43-PM-1-1000x753.jpeg 1000w, https:\/\/ecbblanca-bue.infd.edu.ar\/sitio\/wp-content\/uploads\/2023\/09\/WhatsApp-Image-2023-08-19-at-7.59.43-PM-1-768x578.jpeg 768w, https:\/\/ecbblanca-bue.infd.edu.ar\/sitio\/wp-content\/uploads\/2023\/09\/WhatsApp-Image-2023-08-19-at-7.59.43-PM-1-1536x1156.jpeg 1536w\" sizes=\"(max-width: 1600px) 100vw, 1600px\" \/><\/figure>\n\n\n\n<figure class=\"wp-block-image size-large\"><img decoding=\"async\" loading=\"lazy\" width=\"1600\" height=\"1204\" data-id=\"2500\"  src=\"https:\/\/ecbblanca-bue.infd.edu.ar\/sitio\/wp-content\/uploads\/2023\/09\/WhatsApp-Image-2023-08-19-at-7.59.44-PM.jpeg\" alt=\"\" class=\"wp-image-2500\" srcset=\"https:\/\/ecbblanca-bue.infd.edu.ar\/sitio\/wp-content\/uploads\/2023\/09\/WhatsApp-Image-2023-08-19-at-7.59.44-PM.jpeg 1600w, https:\/\/ecbblanca-bue.infd.edu.ar\/sitio\/wp-content\/uploads\/2023\/09\/WhatsApp-Image-2023-08-19-at-7.59.44-PM-1000x753.jpeg 1000w, https:\/\/ecbblanca-bue.infd.edu.ar\/sitio\/wp-content\/uploads\/2023\/09\/WhatsApp-Image-2023-08-19-at-7.59.44-PM-768x578.jpeg 768w, https:\/\/ecbblanca-bue.infd.edu.ar\/sitio\/wp-content\/uploads\/2023\/09\/WhatsApp-Image-2023-08-19-at-7.59.44-PM-1536x1156.jpeg 1536w\" sizes=\"(max-width: 1600px) 100vw, 1600px\" \/><\/figure>\n\n\n\n<figure class=\"wp-block-image size-large\"><img decoding=\"async\" loading=\"lazy\" width=\"1065\" height=\"1600\" data-id=\"3715\"  src=\"https:\/\/ecbblanca-bue.infd.edu.ar\/sitio\/wp-content\/uploads\/2025\/03\/WhatsApp-Image-2025-02-24-at-16.35.34-2.jpeg\" alt=\"\" class=\"wp-image-3715\" srcset=\"https:\/\/ecbblanca-bue.infd.edu.ar\/sitio\/wp-content\/uploads\/2025\/03\/WhatsApp-Image-2025-02-24-at-16.35.34-2.jpeg 1065w, https:\/\/ecbblanca-bue.infd.edu.ar\/sitio\/wp-content\/uploads\/2025\/03\/WhatsApp-Image-2025-02-24-at-16.35.34-2-666x1000.jpeg 666w, https:\/\/ecbblanca-bue.infd.edu.ar\/sitio\/wp-content\/uploads\/2025\/03\/WhatsApp-Image-2025-02-24-at-16.35.34-2-768x1154.jpeg 768w, https:\/\/ecbblanca-bue.infd.edu.ar\/sitio\/wp-content\/uploads\/2025\/03\/WhatsApp-Image-2025-02-24-at-16.35.34-2-1022x1536.jpeg 1022w\" sizes=\"(max-width: 1065px) 100vw, 1065px\" \/><\/figure>\n\n\n\n<figure class=\"wp-block-image size-large\"><img decoding=\"async\" loading=\"lazy\" width=\"1065\" height=\"1600\" data-id=\"3712\"  src=\"https:\/\/ecbblanca-bue.infd.edu.ar\/sitio\/wp-content\/uploads\/2025\/03\/WhatsApp-Image-2025-02-24-at-16.35.34-1.jpeg\" alt=\"\" class=\"wp-image-3712\" srcset=\"https:\/\/ecbblanca-bue.infd.edu.ar\/sitio\/wp-content\/uploads\/2025\/03\/WhatsApp-Image-2025-02-24-at-16.35.34-1.jpeg 1065w, https:\/\/ecbblanca-bue.infd.edu.ar\/sitio\/wp-content\/uploads\/2025\/03\/WhatsApp-Image-2025-02-24-at-16.35.34-1-666x1000.jpeg 666w, https:\/\/ecbblanca-bue.infd.edu.ar\/sitio\/wp-content\/uploads\/2025\/03\/WhatsApp-Image-2025-02-24-at-16.35.34-1-768x1154.jpeg 768w, https:\/\/ecbblanca-bue.infd.edu.ar\/sitio\/wp-content\/uploads\/2025\/03\/WhatsApp-Image-2025-02-24-at-16.35.34-1-1022x1536.jpeg 1022w\" sizes=\"(max-width: 1065px) 100vw, 1065px\" \/><\/figure>\n\n\n\n<figure class=\"wp-block-image size-large\"><img decoding=\"async\" loading=\"lazy\" width=\"1600\" height=\"1065\" data-id=\"3716\"  src=\"https:\/\/ecbblanca-bue.infd.edu.ar\/sitio\/wp-content\/uploads\/2025\/03\/WhatsApp-Image-2025-02-24-at-16.35.33-2.jpeg\" alt=\"\" class=\"wp-image-3716\" srcset=\"https:\/\/ecbblanca-bue.infd.edu.ar\/sitio\/wp-content\/uploads\/2025\/03\/WhatsApp-Image-2025-02-24-at-16.35.33-2.jpeg 1600w, https:\/\/ecbblanca-bue.infd.edu.ar\/sitio\/wp-content\/uploads\/2025\/03\/WhatsApp-Image-2025-02-24-at-16.35.33-2-1000x666.jpeg 1000w, https:\/\/ecbblanca-bue.infd.edu.ar\/sitio\/wp-content\/uploads\/2025\/03\/WhatsApp-Image-2025-02-24-at-16.35.33-2-768x511.jpeg 768w, https:\/\/ecbblanca-bue.infd.edu.ar\/sitio\/wp-content\/uploads\/2025\/03\/WhatsApp-Image-2025-02-24-at-16.35.33-2-1536x1022.jpeg 1536w\" sizes=\"(max-width: 1600px) 100vw, 1600px\" \/><\/figure>\n\n\n\n<figure class=\"wp-block-image size-large\"><img decoding=\"async\" loading=\"lazy\" width=\"1600\" height=\"933\" data-id=\"3714\"  src=\"https:\/\/ecbblanca-bue.infd.edu.ar\/sitio\/wp-content\/uploads\/2025\/03\/WhatsApp-Image-2025-02-24-at-16.35.33-1.jpeg\" alt=\"\" class=\"wp-image-3714\" srcset=\"https:\/\/ecbblanca-bue.infd.edu.ar\/sitio\/wp-content\/uploads\/2025\/03\/WhatsApp-Image-2025-02-24-at-16.35.33-1.jpeg 1600w, https:\/\/ecbblanca-bue.infd.edu.ar\/sitio\/wp-content\/uploads\/2025\/03\/WhatsApp-Image-2025-02-24-at-16.35.33-1-1000x583.jpeg 1000w, https:\/\/ecbblanca-bue.infd.edu.ar\/sitio\/wp-content\/uploads\/2025\/03\/WhatsApp-Image-2025-02-24-at-16.35.33-1-768x448.jpeg 768w, https:\/\/ecbblanca-bue.infd.edu.ar\/sitio\/wp-content\/uploads\/2025\/03\/WhatsApp-Image-2025-02-24-at-16.35.33-1-1536x896.jpeg 1536w\" sizes=\"(max-width: 1600px) 100vw, 1600px\" \/><\/figure>\n\n\n\n<figure class=\"wp-block-image size-large\"><img decoding=\"async\" loading=\"lazy\" width=\"1600\" height=\"1065\" data-id=\"3713\"  src=\"https:\/\/ecbblanca-bue.infd.edu.ar\/sitio\/wp-content\/uploads\/2025\/03\/WhatsApp-Image-2025-02-24-at-16.35.33.jpeg\" alt=\"\" class=\"wp-image-3713\" srcset=\"https:\/\/ecbblanca-bue.infd.edu.ar\/sitio\/wp-content\/uploads\/2025\/03\/WhatsApp-Image-2025-02-24-at-16.35.33.jpeg 1600w, https:\/\/ecbblanca-bue.infd.edu.ar\/sitio\/wp-content\/uploads\/2025\/03\/WhatsApp-Image-2025-02-24-at-16.35.33-1000x666.jpeg 1000w, https:\/\/ecbblanca-bue.infd.edu.ar\/sitio\/wp-content\/uploads\/2025\/03\/WhatsApp-Image-2025-02-24-at-16.35.33-768x511.jpeg 768w, https:\/\/ecbblanca-bue.infd.edu.ar\/sitio\/wp-content\/uploads\/2025\/03\/WhatsApp-Image-2025-02-24-at-16.35.33-1536x1022.jpeg 1536w\" sizes=\"(max-width: 1600px) 100vw, 1600px\" \/><\/figure>\n<\/figure>\n","protected":false},"excerpt":{"rendered":"<p>La COMPA\u00d1\u00cdA DE TANGO no solo es una oportunidad para perfeccionamiento de diversas t\u00e9cnicas en esta danza folkl\u00f3rica, sino tambi\u00e9n para establecer una v\u00eda de comunicaci\u00f3n abierta a personas de diferentes niveles de experiencia.Se trabajar\u00e1 sobre: coreograf\u00eda y sus t\u00e9cnicas, improvisaci\u00f3n en tango sal\u00f3n, orientaciones para competencias, ya sea en grupo, en pareja o individual. &#8230; <a title=\"Compa\u00f1\u00eda de Tango\" class=\"read-more\" href=\"https:\/\/ecbblanca-bue.infd.edu.ar\/sitio\/ballet-tango\/\" aria-label=\"More on Compa\u00f1\u00eda de Tango\">[+]<\/a><\/p>\n","protected":false},"author":615,"featured_media":0,"parent":0,"menu_order":0,"comment_status":"closed","ping_status":"closed","template":"","meta":[],"acf":[],"_links":{"self":[{"href":"https:\/\/ecbblanca-bue.infd.edu.ar\/sitio\/wp-json\/wp\/v2\/pages\/1770"}],"collection":[{"href":"https:\/\/ecbblanca-bue.infd.edu.ar\/sitio\/wp-json\/wp\/v2\/pages"}],"about":[{"href":"https:\/\/ecbblanca-bue.infd.edu.ar\/sitio\/wp-json\/wp\/v2\/types\/page"}],"author":[{"embeddable":true,"href":"https:\/\/ecbblanca-bue.infd.edu.ar\/sitio\/wp-json\/wp\/v2\/users\/615"}],"replies":[{"embeddable":true,"href":"https:\/\/ecbblanca-bue.infd.edu.ar\/sitio\/wp-json\/wp\/v2\/comments?post=1770"}],"version-history":[{"count":11,"href":"https:\/\/ecbblanca-bue.infd.edu.ar\/sitio\/wp-json\/wp\/v2\/pages\/1770\/revisions"}],"predecessor-version":[{"id":3718,"href":"https:\/\/ecbblanca-bue.infd.edu.ar\/sitio\/wp-json\/wp\/v2\/pages\/1770\/revisions\/3718"}],"wp:attachment":[{"href":"https:\/\/ecbblanca-bue.infd.edu.ar\/sitio\/wp-json\/wp\/v2\/media?parent=1770"}],"curies":[{"name":"wp","href":"https:\/\/api.w.org\/{rel}","templated":true}]}}