{"id":1766,"date":"2022-02-17T21:07:53","date_gmt":"2022-02-18T00:07:53","guid":{"rendered":"https:\/\/ecbblanca-bue.infd.edu.ar\/sitio\/?page_id=1766"},"modified":"2025-03-06T21:05:47","modified_gmt":"2025-03-07T00:05:47","slug":"ballet-juvenil-clasico","status":"publish","type":"page","link":"https:\/\/ecbblanca-bue.infd.edu.ar\/sitio\/ballet-juvenil-clasico\/","title":{"rendered":"Compa\u00f1\u00eda de Danza Cl\u00e1sica Juvenil"},"content":{"rendered":"\n<p>Descripci\u00f3n<\/p>\n\n\n\n<p><strong>HORARIOS<\/strong>: S\u00e1bados de 13 a 17 hs.<\/p>\n\n\n\n<p><strong>DOCENTES<\/strong>: Samanta Gonz\u00e1les \/ Guillermina G\u00f3mez<\/p>\n\n\n\n<p><strong>REQUISITOS<\/strong>: Destinado a alumnos de CM III hasta CM V. Se invita a alumnos\/as del Profesorado de Danza Cl\u00e1sica y ex-alumnos\/as.<\/p>\n\n\n\n<p><\/p>\n\n\n\n<figure class=\"wp-block-gallery has-nested-images columns-default is-cropped wp-block-gallery-1 is-layout-flex\">\n<figure class=\"wp-block-image size-large\"><img decoding=\"async\" loading=\"lazy\" width=\"603\" height=\"450\" data-id=\"2494\"  src=\"https:\/\/ecbblanca-bue.infd.edu.ar\/sitio\/wp-content\/uploads\/2023\/09\/IMG_8990.jpg\" alt=\"\" class=\"wp-image-2494\"\/><\/figure>\n\n\n\n<figure class=\"wp-block-image size-large\"><img decoding=\"async\" loading=\"lazy\" width=\"603\" height=\"450\" data-id=\"2495\"  src=\"https:\/\/ecbblanca-bue.infd.edu.ar\/sitio\/wp-content\/uploads\/2023\/09\/IMG_8987.jpg\" alt=\"\" class=\"wp-image-2495\"\/><\/figure>\n\n\n\n<figure class=\"wp-block-image size-large\"><img decoding=\"async\" loading=\"lazy\" width=\"603\" height=\"450\" data-id=\"2491\"  src=\"https:\/\/ecbblanca-bue.infd.edu.ar\/sitio\/wp-content\/uploads\/2023\/09\/IMG_8984.jpg\" alt=\"\" class=\"wp-image-2491\"\/><\/figure>\n\n\n\n<figure class=\"wp-block-image size-large\"><img decoding=\"async\" loading=\"lazy\" width=\"603\" height=\"450\" data-id=\"2490\"  src=\"https:\/\/ecbblanca-bue.infd.edu.ar\/sitio\/wp-content\/uploads\/2023\/09\/IMG_8985.jpg\" alt=\"\" class=\"wp-image-2490\"\/><\/figure>\n\n\n\n<figure class=\"wp-block-image size-large\"><img decoding=\"async\" loading=\"lazy\" width=\"603\" height=\"450\" data-id=\"2492\"  src=\"https:\/\/ecbblanca-bue.infd.edu.ar\/sitio\/wp-content\/uploads\/2023\/09\/IMG_8999.jpg\" alt=\"\" class=\"wp-image-2492\"\/><\/figure>\n\n\n\n<figure class=\"wp-block-image size-large\"><img decoding=\"async\" loading=\"lazy\" width=\"603\" height=\"450\" data-id=\"2493\"  src=\"https:\/\/ecbblanca-bue.infd.edu.ar\/sitio\/wp-content\/uploads\/2023\/09\/IMG_9004-2.jpg\" alt=\"\" class=\"wp-image-2493\"\/><\/figure>\n\n\n\n<figure class=\"wp-block-image size-large\"><img decoding=\"async\" loading=\"lazy\" width=\"1080\" height=\"720\" data-id=\"3722\"  src=\"https:\/\/ecbblanca-bue.infd.edu.ar\/sitio\/wp-content\/uploads\/2025\/03\/WhatsApp-Image-2025-02-28-at-09.39.28-2.jpeg\" alt=\"\" class=\"wp-image-3722\" srcset=\"https:\/\/ecbblanca-bue.infd.edu.ar\/sitio\/wp-content\/uploads\/2025\/03\/WhatsApp-Image-2025-02-28-at-09.39.28-2.jpeg 1080w, https:\/\/ecbblanca-bue.infd.edu.ar\/sitio\/wp-content\/uploads\/2025\/03\/WhatsApp-Image-2025-02-28-at-09.39.28-2-1000x667.jpeg 1000w, https:\/\/ecbblanca-bue.infd.edu.ar\/sitio\/wp-content\/uploads\/2025\/03\/WhatsApp-Image-2025-02-28-at-09.39.28-2-768x512.jpeg 768w\" sizes=\"(max-width: 1080px) 100vw, 1080px\" \/><\/figure>\n\n\n\n<figure class=\"wp-block-image size-large\"><img decoding=\"async\" loading=\"lazy\" width=\"1080\" height=\"643\" data-id=\"3723\"  src=\"https:\/\/ecbblanca-bue.infd.edu.ar\/sitio\/wp-content\/uploads\/2025\/03\/WhatsApp-Image-2025-02-28-at-09.39.28-1.jpeg\" alt=\"\" class=\"wp-image-3723\" srcset=\"https:\/\/ecbblanca-bue.infd.edu.ar\/sitio\/wp-content\/uploads\/2025\/03\/WhatsApp-Image-2025-02-28-at-09.39.28-1.jpeg 1080w, https:\/\/ecbblanca-bue.infd.edu.ar\/sitio\/wp-content\/uploads\/2025\/03\/WhatsApp-Image-2025-02-28-at-09.39.28-1-1000x595.jpeg 1000w, https:\/\/ecbblanca-bue.infd.edu.ar\/sitio\/wp-content\/uploads\/2025\/03\/WhatsApp-Image-2025-02-28-at-09.39.28-1-768x457.jpeg 768w\" sizes=\"(max-width: 1080px) 100vw, 1080px\" \/><\/figure>\n\n\n\n<figure class=\"wp-block-image size-large\"><img decoding=\"async\" loading=\"lazy\" width=\"1068\" height=\"712\" data-id=\"3720\"  src=\"https:\/\/ecbblanca-bue.infd.edu.ar\/sitio\/wp-content\/uploads\/2025\/03\/WhatsApp-Image-2025-02-28-at-09.39.28.jpeg\" alt=\"\" class=\"wp-image-3720\" srcset=\"https:\/\/ecbblanca-bue.infd.edu.ar\/sitio\/wp-content\/uploads\/2025\/03\/WhatsApp-Image-2025-02-28-at-09.39.28.jpeg 1068w, https:\/\/ecbblanca-bue.infd.edu.ar\/sitio\/wp-content\/uploads\/2025\/03\/WhatsApp-Image-2025-02-28-at-09.39.28-1000x667.jpeg 1000w, https:\/\/ecbblanca-bue.infd.edu.ar\/sitio\/wp-content\/uploads\/2025\/03\/WhatsApp-Image-2025-02-28-at-09.39.28-768x512.jpeg 768w\" sizes=\"(max-width: 1068px) 100vw, 1068px\" \/><\/figure>\n\n\n\n<figure class=\"wp-block-image size-large\"><img decoding=\"async\" loading=\"lazy\" width=\"1600\" height=\"900\" data-id=\"3721\"  src=\"https:\/\/ecbblanca-bue.infd.edu.ar\/sitio\/wp-content\/uploads\/2025\/03\/WhatsApp-Image-2025-02-28-at-09.39.27.jpeg\" alt=\"\" class=\"wp-image-3721\" srcset=\"https:\/\/ecbblanca-bue.infd.edu.ar\/sitio\/wp-content\/uploads\/2025\/03\/WhatsApp-Image-2025-02-28-at-09.39.27.jpeg 1600w, https:\/\/ecbblanca-bue.infd.edu.ar\/sitio\/wp-content\/uploads\/2025\/03\/WhatsApp-Image-2025-02-28-at-09.39.27-1000x563.jpeg 1000w, https:\/\/ecbblanca-bue.infd.edu.ar\/sitio\/wp-content\/uploads\/2025\/03\/WhatsApp-Image-2025-02-28-at-09.39.27-768x432.jpeg 768w, https:\/\/ecbblanca-bue.infd.edu.ar\/sitio\/wp-content\/uploads\/2025\/03\/WhatsApp-Image-2025-02-28-at-09.39.27-1536x864.jpeg 1536w\" sizes=\"(max-width: 1600px) 100vw, 1600px\" \/><\/figure>\n<\/figure>\n","protected":false},"excerpt":{"rendered":"<p>Descripci\u00f3n HORARIOS: S\u00e1bados de 13 a 17 hs. DOCENTES: Samanta Gonz\u00e1les \/ Guillermina G\u00f3mez REQUISITOS: Destinado a alumnos de CM III hasta CM V. Se invita a alumnos\/as del Profesorado de Danza Cl\u00e1sica y ex-alumnos\/as.<\/p>\n","protected":false},"author":615,"featured_media":0,"parent":0,"menu_order":0,"comment_status":"closed","ping_status":"closed","template":"","meta":[],"acf":[],"_links":{"self":[{"href":"https:\/\/ecbblanca-bue.infd.edu.ar\/sitio\/wp-json\/wp\/v2\/pages\/1766"}],"collection":[{"href":"https:\/\/ecbblanca-bue.infd.edu.ar\/sitio\/wp-json\/wp\/v2\/pages"}],"about":[{"href":"https:\/\/ecbblanca-bue.infd.edu.ar\/sitio\/wp-json\/wp\/v2\/types\/page"}],"author":[{"embeddable":true,"href":"https:\/\/ecbblanca-bue.infd.edu.ar\/sitio\/wp-json\/wp\/v2\/users\/615"}],"replies":[{"embeddable":true,"href":"https:\/\/ecbblanca-bue.infd.edu.ar\/sitio\/wp-json\/wp\/v2\/comments?post=1766"}],"version-history":[{"count":8,"href":"https:\/\/ecbblanca-bue.infd.edu.ar\/sitio\/wp-json\/wp\/v2\/pages\/1766\/revisions"}],"predecessor-version":[{"id":3724,"href":"https:\/\/ecbblanca-bue.infd.edu.ar\/sitio\/wp-json\/wp\/v2\/pages\/1766\/revisions\/3724"}],"wp:attachment":[{"href":"https:\/\/ecbblanca-bue.infd.edu.ar\/sitio\/wp-json\/wp\/v2\/media?parent=1766"}],"curies":[{"name":"wp","href":"https:\/\/api.w.org\/{rel}","templated":true}]}}