{"id":1442,"date":"2020-11-24T11:15:00","date_gmt":"2020-11-24T14:15:00","guid":{"rendered":"https:\/\/ecbblanca-bue.infd.edu.ar\/sitio\/?page_id=1442"},"modified":"2025-11-18T15:28:44","modified_gmt":"2025-11-18T18:28:44","slug":"inscripcion-ingresantes","status":"publish","type":"page","link":"https:\/\/ecbblanca-bue.infd.edu.ar\/sitio\/oferta-academica\/inscripcion-ingresantes\/","title":{"rendered":"Ingresantes ciclo 2026"},"content":{"rendered":"\n<p>Se encuentran abiertas las inscripciones de ingresantes para el <strong>CICLO LECTIVO 2026<\/strong><\/p>\n\n\n\n<p>De lunes a viernes de 9 a 21hs. en Brown 128 (2do piso)<\/p>\n\n\n\n<pre class=\"wp-block-verse\"><strong>Documentaci\u00f3n a presentar:<\/strong>\n\u2022 Fotocopia de DNI.\n\u2022 En caso de contar con Obra Social, fotocopia de carnet.\n\u2022 Certificado de estudiante regular, anal\u00edtico o t\u00edtulo en tr\u00e1mite (seg\u00fan corresponda).\n\u2022 Certificado de aptitud psicof\u00edsica - buena salud (expedido por m\u00e9dico personal, sala m\u00e9dica o centro de salud p\u00fablico o privado).\n\n<strong>Planillas<\/strong> (se podr\u00e1n retirar en la instituci\u00f3n abonando las copias o descargar e imprimir desde los enlaces respectivos):\n\u2022 Planillas de MATRICULACI\u00d3N [por \u00fanica vez] (a completar y firmar por un adulto responsable - la secci\u00f3n de salud no requiere la firma de un m\u00e9dico ya que se considerar\u00e1 la misma como una declaraci\u00f3n jurada del estudiante, o de las familias en caso de menores de edad) \n\u2022 Planilla de inscripci\u00f3n a materias [anualmente] \n\u2022 Planilla de actualizaci\u00f3n de salud [anualmente]\n\u2022 Autorizaci\u00f3n retiro de estudiantes \n\n<strong>DESCARGA DE PLANILLAS<\/strong><a rel=\"noreferrer noopener\" href=\"https:\/\/ecbblanca-bue.infd.edu.ar\/sitio\/planillas-y-otros-documentos\/\" target=\"_blank\">https:\/\/ecbblanca-bue.infd.edu.ar\/sitio\/planillas-y-otros-documentos\/<\/a>\n<\/pre>\n\n\n\n<div class=\"wp-block-buttons is-layout-flex\">\n<div class=\"wp-block-button is-style-fill\"><a class=\"wp-block-button__link wp-element-button\" href=\"https:\/\/ecbblanca-bue.infd.edu.ar\/sitio\/preguntas-frecuentes-ingresantes\/\">Preguntas frecuentes &#8211; Ingresantes<\/a><\/div>\n<\/div>\n\n\n\n<p>&#x1f4cd; Brown 128 (2do piso)<br>&#x1f4de; Tel\u00e9fono: (0291) 453-4132<br>&#x1f4e7; E-mail: danzasclasicasbahiablanca@abc.gob.ar<br>&#x1f517; Web: https:\/\/ecbblanca-bue.infd.edu.ar\/sitio\/<\/p>\n","protected":false},"excerpt":{"rendered":"<p>Se encuentran abiertas las inscripciones de ingresantes para el CICLO LECTIVO 2026 De lunes a viernes de 9 a 21hs. en Brown 128 (2do piso) Documentaci\u00f3n a presentar: \u2022 Fotocopia de DNI. \u2022 En caso de contar con Obra Social, fotocopia de carnet. \u2022 Certificado de estudiante regular, anal\u00edtico o t\u00edtulo en tr\u00e1mite (seg\u00fan corresponda). &#8230; <a title=\"Ingresantes ciclo 2026\" class=\"read-more\" href=\"https:\/\/ecbblanca-bue.infd.edu.ar\/sitio\/oferta-academica\/inscripcion-ingresantes\/\" aria-label=\"More on Ingresantes ciclo 2026\">[+]<\/a><\/p>\n","protected":false},"author":615,"featured_media":0,"parent":1143,"menu_order":0,"comment_status":"closed","ping_status":"closed","template":"","meta":[],"acf":[],"_links":{"self":[{"href":"https:\/\/ecbblanca-bue.infd.edu.ar\/sitio\/wp-json\/wp\/v2\/pages\/1442"}],"collection":[{"href":"https:\/\/ecbblanca-bue.infd.edu.ar\/sitio\/wp-json\/wp\/v2\/pages"}],"about":[{"href":"https:\/\/ecbblanca-bue.infd.edu.ar\/sitio\/wp-json\/wp\/v2\/types\/page"}],"author":[{"embeddable":true,"href":"https:\/\/ecbblanca-bue.infd.edu.ar\/sitio\/wp-json\/wp\/v2\/users\/615"}],"replies":[{"embeddable":true,"href":"https:\/\/ecbblanca-bue.infd.edu.ar\/sitio\/wp-json\/wp\/v2\/comments?post=1442"}],"version-history":[{"count":50,"href":"https:\/\/ecbblanca-bue.infd.edu.ar\/sitio\/wp-json\/wp\/v2\/pages\/1442\/revisions"}],"predecessor-version":[{"id":3888,"href":"https:\/\/ecbblanca-bue.infd.edu.ar\/sitio\/wp-json\/wp\/v2\/pages\/1442\/revisions\/3888"}],"up":[{"embeddable":true,"href":"https:\/\/ecbblanca-bue.infd.edu.ar\/sitio\/wp-json\/wp\/v2\/pages\/1143"}],"wp:attachment":[{"href":"https:\/\/ecbblanca-bue.infd.edu.ar\/sitio\/wp-json\/wp\/v2\/media?parent=1442"}],"curies":[{"name":"wp","href":"https:\/\/api.w.org\/{rel}","templated":true}]}}