{"id":1275,"date":"2020-03-13T21:27:06","date_gmt":"2020-03-14T00:27:06","guid":{"rendered":"https:\/\/ecbblanca-bue.infd.edu.ar\/sitio\/?page_id=1275"},"modified":"2026-03-27T10:45:39","modified_gmt":"2026-03-27T13:45:39","slug":"planillas-y-otros-documentos","status":"publish","type":"page","link":"https:\/\/ecbblanca-bue.infd.edu.ar\/sitio\/planillas-y-otros-documentos\/","title":{"rendered":"Descarga de formularios"},"content":{"rendered":"\n<p>Detalle de procedimientos administrativos estudiantes<\/p>\n\n\n\n<iframe loading=\"lazy\" src=\"https:\/\/docs.google.com\/document\/d\/e\/2PACX-1vQ75NDL0V__OoK6rqp0yiEhtIIqsrcdak1f0OXojGNvuCkUWvLjlQ1fEHnnWR1Cog\/pub?embedded=true\" width=\"900\" height=\"700\" allow=\"fullscreen\"><\/iframe>\n\n\n\n<div class=\"wp-block-buttons is-layout-flex\">\n<div class=\"wp-block-button\"><a class=\"wp-block-button__link has-base-3-color has-text-color has-background wp-element-button\" href=\"#FOBAS\" style=\"background-color:#5e2ed0\">Inscripci\u00f3n Formaciones b\u00e1sicas<\/a><\/div>\n<\/div>\n\n\n\n<div class=\"wp-block-buttons is-layout-flex\">\n<div class=\"wp-block-button\"><a class=\"wp-block-button__link has-base-3-color has-text-color has-background wp-element-button\" href=\"#TYP\" style=\"background-color:#5e2ed0\">Inscripci\u00f3n Tecnicaturas y Profesorados<\/a><\/div>\n<\/div>\n\n\n\n<div class=\"wp-block-buttons is-layout-flex\">\n<div class=\"wp-block-button\"><a class=\"wp-block-button__link has-background wp-element-button\" href=\"#salidas\" style=\"background-color:#5e2ed0\">Salida educativa<\/a><\/div>\n<\/div>\n\n\n\n<div class=\"wp-block-buttons is-layout-flex\">\n<div class=\"wp-block-button\"><a class=\"wp-block-button__link has-background wp-element-button\" href=\"#itinerante\" style=\"background-color:#5e2ed0\">Estudiante Itinerante<\/a><\/div>\n<\/div>\n\n\n\n<div class=\"wp-block-buttons is-layout-flex\">\n<div class=\"wp-block-button\"><a class=\"wp-block-button__link has-background wp-element-button\" href=\"#certificados-estudiantes\" style=\"background-color:#5e2ed0\">Certificados<\/a><\/div>\n<\/div>\n\n\n\n<div class=\"wp-block-buttons is-layout-flex\">\n<div class=\"wp-block-button\"><a class=\"wp-block-button__link has-background wp-element-button\" href=\"#egreso\" style=\"background-color:#5e2ed0\">Egreso<\/a><\/div>\n<\/div>\n\n\n\n<hr class=\"wp-block-separator has-alpha-channel-opacity\"\/>\n\n\n\n<h2 class=\"wp-block-heading has-text-align-center\" id=\"FOBAS\">INSCRIPCI\u00d3N<\/h2>\n\n\n\n<h3 class=\"wp-block-heading has-text-align-center\" id=\"FOBAS\">FORMACIONES B\u00c1SICAS<\/h3>\n\n\n\n<p class=\"has-text-align-center has-background\" id=\"insc-cla\" style=\"background-color:#fe00f2\">FORMACI\u00d3N B\u00c1SICA <strong>DANZA CL\u00c1SICA<\/strong><\/p>\n\n\n\n<div class=\"wp-block-buttons is-content-justification-center is-layout-flex wp-container-7\">\n<div class=\"wp-block-button\"><a class=\"wp-block-button__link has-background wp-element-button\" href=\"https:\/\/ecbblanca-bue.infd.edu.ar\/sitio\/danza-clasica\/\" style=\"background-color:#ff00f27a\" target=\"_blank\" rel=\"noreferrer noopener\">ver plan de estudios<\/a><\/div>\n<\/div>\n\n\n\n<p>INGRESANTES:<\/p>\n\n\n\n<ul>\n<li><a href=\"https:\/\/drive.google.com\/file\/d\/1GTavPTKTcfWj8E2-NJTqwUrqiPP-S-we\/view?usp=sharing\" target=\"_blank\" rel=\"noreferrer noopener\">FORMACI\u00d3N B\u00c1SICA &#8211; PREPARATORIO<\/a> (entre 7 a\u00f1os, cumplidos al 30 de junio y 12 a\u00f1os)<\/li>\n\n\n\n<li><a href=\"https:\/\/drive.google.com\/file\/d\/1LGNqaa0HbX7qcJg96sJBVQY6YXPsuLkF\/view?usp=sharing\" target=\"_blank\" rel=\"noreferrer noopener\">FORMACI\u00d3N B\u00c1SICA &#8211; PREPARATORIO ADOLESCENTES<\/a> (entre 13 y 17 a\u00f1os)<\/li>\n\n\n\n<li><a href=\"https:\/\/drive.google.com\/file\/d\/1zpUIlWfTGuE92QAn0bKv8vfSXxYzbfTR\/view?usp=sharing\" target=\"_blank\" rel=\"noreferrer noopener\">POR NIVELACI\u00d3N<\/a> (personas con experiencia previa en la disciplina &#8211; excluyente)<\/li>\n<\/ul>\n\n\n\n<p>ESTUDIANTES REGULARES <\/p>\n\n\n\n<ul>\n<li><a href=\"https:\/\/drive.google.com\/file\/d\/1261ZxZgW5kO3RtZNyK52s04qGmBaAtK7\/view?usp=sharing\" target=\"_blank\" rel=\"noreferrer noopener\">FORMACI\u00d3N B\u00c1SICA &#8211; INICIACI\u00d3N<\/a><\/li>\n\n\n\n<li><a href=\"https:\/\/drive.google.com\/file\/d\/16q2y2mJKllDw9OdQQmb52wbbuE2soefT\/view?usp=sharing\" target=\"_blank\" rel=\"noreferrer noopener\">FORMACI\u00d3N B\u00c1SICA &#8211;&nbsp; CICLO MEDIO I, II y III<\/a><\/li>\n<\/ul>\n\n\n\n<p class=\"has-text-align-center has-background\" id=\"insc-cont\" style=\"background-color:#ffae00\">FORMACI\u00d3N B\u00c1SICA <strong>DANZA CONTEMPOR\u00c1NEA<\/strong><\/p>\n\n\n\n<div class=\"wp-block-buttons is-content-justification-center is-layout-flex wp-container-8\">\n<div class=\"wp-block-button\"><a class=\"wp-block-button__link has-background wp-element-button\" href=\"https:\/\/ecbblanca-bue.infd.edu.ar\/sitio\/danza-contemporanea\/\" style=\"background-color:#ffae00\" target=\"_blank\" rel=\"noreferrer noopener\">ver plan de estudios<\/a><\/div>\n<\/div>\n\n\n\n<p>INGRESANTES Y ESTUDIANTES REGULARES:<\/p>\n\n\n\n<ul>\n<li><a rel=\"noreferrer noopener\" href=\"https:\/\/drive.google.com\/file\/d\/1UOdVruOCWgv-W5uEtkKKoRfBuwnDaB2A\/view?usp=sharing\" target=\"_blank\">FORMACI\u00d3N B\u00c1SICA <\/a><a rel=\"noreferrer noopener\" href=\"https:\/\/drive.google.com\/file\/d\/1UOdVruOCWgv-W5uEtkKKoRfBuwnDaB2A\/view?usp=sharing\" target=\"_blank\">&#8211;<\/a><a href=\"https:\/\/drive.google.com\/file\/d\/1UOdVruOCWgv-W5uEtkKKoRfBuwnDaB2A\/view?usp=sharing\" target=\"_blank\" rel=\"noreferrer noopener\"> <\/a><a rel=\"noreferrer noopener\" href=\"https:\/\/drive.google.com\/file\/d\/1UOdVruOCWgv-W5uEtkKKoRfBuwnDaB2A\/view?usp=sharing\" target=\"_blank\">menores de edad<\/a>(entre 15 a\u00f1os, cumplidos al 30 de junio y 23 a\u00f1os, o mayores con experiencia previa)<\/li>\n\n\n\n<li><a href=\"https:\/\/drive.google.com\/file\/d\/1M7uvg_tXCbGUCcjU1k1SS3KPM3n1ymtA\/view?usp=sharing\" target=\"_blank\" rel=\"noreferrer noopener\">FORMACI\u00d3N B\u00c1SICA<\/a><a rel=\"noreferrer noopener\" href=\"https:\/\/drive.google.com\/file\/d\/10hgJ0h4hg_vCHWbQR7hMiq__g096x5Wt\/view?usp=sharing\" target=\"_blank\"> <\/a>(entre 15 a\u00f1os, cumplidos al 30 de junio y 23 a\u00f1os, o mayores con experiencia previa)<\/li>\n<\/ul>\n\n\n\n<p class=\"has-text-align-center has-background\" id=\"insc-exp-folk\" style=\"background:linear-gradient(135deg,rgb(14,255,0) 36%,rgb(0,187,255) 61%)\">FORMACI\u00d3N B\u00c1SICA <strong>EXPRESI\u00d3N CORPORAL Y DANZAS FOLKL\u00d3RICAS<\/strong><\/p>\n\n\n\n<div class=\"wp-block-buttons is-content-justification-center is-layout-flex wp-container-9\">\n<div class=\"wp-block-button\"><a class=\"wp-block-button__link has-background wp-element-button\" href=\"https:\/\/ecbblanca-bue.infd.edu.ar\/sitio\/expresion-corporal\/\" style=\"background-color:#08a2009c\" target=\"_blank\" rel=\"noreferrer noopener\">ver plan de estudios<\/a><\/div>\n\n\n\n<div class=\"wp-block-button\"><a class=\"wp-block-button__link has-background wp-element-button\" href=\"https:\/\/ecbblanca-bue.infd.edu.ar\/sitio\/danzas-folkloricas\/\" style=\"background-color:#00bbff82\" target=\"_blank\" rel=\"noreferrer noopener\">ver plan de estudios<\/a><\/div>\n<\/div>\n\n\n\n<p>INGRESANTES:<\/p>\n\n\n\n<ul>\n<li><a href=\"https:\/\/drive.google.com\/file\/d\/1FoZqHMgWX10IYEnHr6Bkj2m-HO6ZRLAD\/view?usp=sharing\" target=\"_blank\" rel=\"noreferrer noopener\">FORMACI\u00d3N B\u00c1SICA EXP. CORPORAL y DANZAS FOLKL\u00d3RICAS &#8211; menores de edad<\/a> (desde el \u00faltimo a\u00f1o de secundaria)<\/li>\n\n\n\n<li><a href=\"https:\/\/drive.google.com\/file\/d\/1GjPKD-kFgEpSw56Ka5fCfoQ2OuZRyiKG\/view?usp=sharing\" target=\"_blank\" rel=\"noreferrer noopener\">FORMACI\u00d3N B\u00c1SICA EXP. CORPORAL y DANZAS FOLKL\u00d3RICAS<\/a> (desde el \u00faltimo a\u00f1o de secundaria)<\/li>\n<\/ul>\n\n\n\n<hr class=\"wp-block-separator has-alpha-channel-opacity\"\/>\n\n\n\n<h3 class=\"wp-block-heading has-text-align-center\" id=\"TYP\">TECNICATURAS Y PROFESORADOS<\/h3>\n\n\n\n<p class=\"has-text-align-center has-background\" style=\"background-color:#ff00f282\">TECNICATURA <strong>DANZA CL\u00c1SICA<\/strong><\/p>\n\n\n\n<ul>\n<li><a href=\"https:\/\/drive.google.com\/file\/d\/1AGkl6FwgRZLKlO_5xqgQofxbTUDE0S3C\/view?usp=sharing\" target=\"_blank\" rel=\"noreferrer noopener\">TECNICATURA &#8211; INGRESANTES &#8211; CICLO MEDIO IV <\/a><\/li>\n\n\n\n<li><a rel=\"noreferrer noopener\" href=\"https:\/\/drive.google.com\/file\/d\/1nlln6-SV_VEZKXUc2zGS7sqc6JWmp_uX\/view?usp=sharing\" target=\"_blank\">TECNICATURA &#8211; 2\u00b0 A\u00f1o CICLO MEDIO V<\/a><\/li>\n<\/ul>\n\n\n\n<p class=\"has-text-align-center has-background\" style=\"background-color:#ff00f2c4\">PROFESORADO <strong>DANZA CL\u00c1SICA<\/strong><\/p>\n\n\n\n<ul>\n<li><a href=\"https:\/\/drive.google.com\/file\/d\/1YzS8wCLvGBxRdvQ35ZNSRPcDjTIqdMmE\/view?usp=sharing\" target=\"_blank\" rel=\"noreferrer noopener\">PROFESORADO &#8211; INGRESANTES <\/a> (\u00faltimo a\u00f1o de secundario cursado completo, acreditado a mayo del a\u00f1o de inscripci\u00f3n)<\/li>\n\n\n\n<li><a href=\"https:\/\/drive.google.com\/file\/d\/12JEFOIHNeseOEh5O1Ibvy9tgH8b8JfNV\/view?usp=sharing\" target=\"_blank\" rel=\"noreferrer noopener\">PROFESORADO &#8211; 2\u00b0, 3\u00b0 y 4\u00b0 A\u00f1o <\/a><\/li>\n<\/ul>\n\n\n\n<p class=\"has-text-align-center has-background\" style=\"background-color:#ffae007d\">TECNICATURA <strong>DANZA CONTEMPOR\u00c1NEA<\/strong><\/p>\n\n\n\n<ul>\n<li><a href=\"https:\/\/drive.google.com\/file\/d\/13J6O_Ebf4KEeII4tmbocEFaH8HNqEyNX\/view?usp=sharing\" target=\"_blank\" rel=\"noreferrer noopener\">TECNICATURA &#8211; INGRESANTES <\/a><\/li>\n\n\n\n<li><a rel=\"noreferrer noopener\" href=\"https:\/\/drive.google.com\/file\/d\/1pEyCRFaRephHGjmk3ZZJDPpHyUrGwS0O\/view?usp=sharing\" target=\"_blank\">TECNICATURA 2\u00b0 A\u00f1o<\/a><\/li>\n<\/ul>\n\n\n\n<p class=\"has-text-align-center has-background\" style=\"background-color:#ffae00\">PROFESORADO <strong>DANZA CONTEMPOR\u00c1NEA<\/strong><\/p>\n\n\n\n<ul>\n<li><a href=\"https:\/\/drive.google.com\/file\/d\/1tjuQ0sGvky0SAWvaD5m8HFsv_BUjxo-V\/view?usp=sharing\" target=\"_blank\" rel=\"noreferrer noopener\">PROFESORADO &#8211; INGRESANTES<\/a> (\u00faltimo a\u00f1o de secundario cursado completo, acreditado a mayo del a\u00f1o de inscripci\u00f3n)<\/li>\n\n\n\n<li><a href=\"https:\/\/drive.google.com\/file\/d\/1qFGGyhezpWsEZNRA7pGgquyHQ5mzMZn4\/view?usp=sharing\" target=\"_blank\" rel=\"noreferrer noopener\">PROFESORADO &#8211; 2\u00b0, 3\u00b0 y 4\u00b0 A\u00f1o<\/a><\/li>\n<\/ul>\n\n\n\n<p class=\"has-text-align-center has-background\" style=\"background-color:#0eff00\">PROFESORADO <strong>EXPRESI\u00d3N CORPORAL <\/strong><\/p>\n\n\n\n<ul>\n<li><a href=\"https:\/\/drive.google.com\/file\/d\/1AEFzdPDWUnClVgKm5JrOEQqXlY8eYjnK\/view?usp=sharing\" target=\"_blank\" rel=\"noreferrer noopener\">PROFESORADO EXP. CORPORAL&nbsp;&#8211; INGRESANTES<\/a> (\u00faltimo a\u00f1o de secundario cursado completo, acreditado a mayo del a\u00f1o de inscripci\u00f3n)<\/li>\n\n\n\n<li><a href=\"https:\/\/drive.google.com\/file\/d\/1YhWsNd2PbhiA1rHPS3GQveGcVT4gzFUx\/view?usp=sharing\" target=\"_blank\" rel=\"noreferrer noopener\">PROFESORADO EXP. CORPORAL &#8211; 2\u00b0, 3\u00b0 y 4\u00b0 A\u00f1o<\/a><\/li>\n<\/ul>\n\n\n\n<p class=\"has-text-align-center has-background\" style=\"background-color:#00bbff8f\">TECNICATURA <strong>DANZAS FOLKL\u00d3RICAS<\/strong><\/p>\n\n\n\n<ul>\n<li><a href=\"https:\/\/drive.google.com\/file\/d\/1qNKf3k50EQKjlcbumgtLYOXp2f2oxX5p\/view?usp=sharing\" target=\"_blank\" rel=\"noreferrer noopener\">TECNICATURA DANZAS FOLKL\u00d3RICAS &#8211; INGRESANTES<\/a><\/li>\n\n\n\n<li><a rel=\"noreferrer noopener\" href=\"https:\/\/drive.google.com\/file\/d\/18XP2l1NifxGRBsWbt2hj8X9bKaABDt2I\/view?usp=sharing\" target=\"_blank\">TECNICATURA DANZAS FOLKL\u00d3RICAS 2\u00b0 A\u00f1o<\/a><\/li>\n<\/ul>\n\n\n\n<p class=\"has-text-align-center has-background\" style=\"background-color:#00bbff\">PROFESORADO <strong>DANZAS FOLKL\u00d3RICAS<\/strong><\/p>\n\n\n\n<ul>\n<li><a href=\"https:\/\/drive.google.com\/file\/d\/1Zp7Hr1fX3KwnCfMJWVAf9s-xzYXMn74P\/view?usp=sharing\" target=\"_blank\" rel=\"noreferrer noopener\">PROFESORADO DANZAS FOLKL\u00d3RICAS &#8211; INGRESANTES<\/a> (\u00faltimo a\u00f1o de secundario cursado completo, acreditado a mayo del a\u00f1o de inscripci\u00f3n)<\/li>\n\n\n\n<li><a href=\"https:\/\/drive.google.com\/file\/d\/1PoGbdogLZSuA50ol6BPTDdI2dVIEMVRI\/view?usp=sharing\" target=\"_blank\" rel=\"noreferrer noopener\">PROFESORADO DANZAS FOLKL\u00d3RICAS &#8211; 2\u00b0, 3\u00b0 y 4\u00b0 A\u00f1o<\/a><\/li>\n<\/ul>\n\n\n\n<p class=\"has-text-align-center has-background\" id=\"insc-tango\" style=\"background-color:#ff0000\">TECNICATURA <strong>TANGO<\/strong> &#8211; ciclo cerrado &#8211;<\/p>\n\n\n\n<ul>\n<li><a href=\"https:\/\/drive.google.com\/file\/d\/1ZifjZMt3OJfBTVRXkEjxXKXv5rxa0hh9\/view?usp=drive_link\" data-type=\"URL\" data-id=\"https:\/\/drive.google.com\/file\/d\/1ZifjZMt3OJfBTVRXkEjxXKXv5rxa0hh9\/view?usp=drive_link\" target=\"_blank\" rel=\"noreferrer noopener\">TECNICATURA TANGO<\/a> (secundario completo &#8211; excluyente)<\/li>\n<\/ul>\n\n\n\n<hr class=\"wp-block-separator has-alpha-channel-opacity\"\/>\n\n\n\n<h6 class=\"wp-block-heading has-text-align-center has-base-3-color has-text-color has-background\" style=\"background-color:#5e2ed0\">PLANILLAS PARA TODAS LAS CARRERAS<\/h6>\n\n\n\n<p><a href=\"https:\/\/drive.google.com\/file\/d\/18ZOqSX5PpznJQoAinLUhFBcfEGPJfqgA\/view?usp=drive_link\" data-type=\"URL\" data-id=\"https:\/\/drive.google.com\/file\/d\/18ZOqSX5PpznJQoAinLUhFBcfEGPJfqgA\/view?usp=drive_link\" target=\"_blank\" rel=\"noreferrer noopener\">Autorizaci\u00f3n uso de imagen (menores de edad)<\/a><\/p>\n\n\n\n<p><a rel=\"noreferrer noopener\" href=\"https:\/\/drive.google.com\/file\/d\/18TiNd98RfGKKWSO4Oc6VO-9U9SpSc8HP\/view?usp=drive_link\" target=\"_blank\">Autorizaci\u00f3n retiro estudiantes menores de edad<\/a><\/p>\n\n\n\n<p><a href=\"https:\/\/drive.google.com\/file\/d\/18uWFnMWoYVX6lupkcUeIfL2D6FqTIRPU\/view?usp=drive_link\" data-type=\"URL\" data-id=\"https:\/\/drive.google.com\/file\/d\/18uWFnMWoYVX6lupkcUeIfL2D6FqTIRPU\/view?usp=drive_link\" target=\"_blank\" rel=\"noreferrer noopener\">Autorizaci\u00f3n uso de imagen (estudiantes mayores de edad)<\/a><\/p>\n\n\n\n<p><a href=\"https:\/\/drive.google.com\/file\/d\/19x5-_p8XX93WGr-aJqYTFXD4-k7oUsU5\/view?usp=drive_link\" data-type=\"URL\" data-id=\"https:\/\/drive.google.com\/file\/d\/19x5-_p8XX93WGr-aJqYTFXD4-k7oUsU5\/view?usp=drive_link\">Ficha de salud<\/a><\/p>\n\n\n\n<p><a rel=\"noreferrer noopener\" href=\"https:\/\/docs.google.com\/document\/d\/1-AZ6ZGcLGHNYkLfkjxAo7U3gRb38OS9J\/edit?usp=sharing&amp;ouid=101244250037185305176&amp;rtpof=true&amp;sd=true\" target=\"_blank\">Ficha socioecon\u00f3mica<\/a><\/p>\n\n\n\n<p><strong><a rel=\"noreferrer noopener\" href=\"https:\/\/drive.google.com\/file\/d\/1esXvqthgyEymZdn6aXvNxdrNHdJsgk0C\/view?usp=drive_link\" data-type=\"URL\" data-id=\"https:\/\/drive.google.com\/file\/d\/1esXvqthgyEymZdn6aXvNxdrNHdJsgk0C\/view?usp=drive_link\" target=\"_blank\">MATRICULACI\u00d3N<\/a> <\/strong>&#8211; Se completa una sola vez, al ingresar a la Escuela, por carrera. <\/p>\n\n\n\n<p><a href=\"https:\/\/drive.google.com\/file\/d\/1ggc7Q0_dP5N0fvgfJ9BcRugQZK4_OYkw\/view?usp=drive_link\">PLANILLA ACTUALIZACI\u00d3N DE SALUD <\/a>&#8211; se completa y entrega cada a\u00f1o<\/p>\n\n\n\n<p><a href=\"https:\/\/drive.google.com\/file\/d\/1vj5AU2mkHON2L5daNrnkyDpqrB_oTCWD\/view?usp=sharing\" target=\"_blank\" rel=\"noreferrer noopener\">COMPA\u00d1\u00cdAS (Danza cl\u00e1sica &#8211; Danza Contempor\u00e1nea &#8211; Expresi\u00f3n Corporal &#8211; Danzas Folkl\u00f3ricas &#8211; Tango)<\/a><\/p>\n\n\n\n<hr class=\"wp-block-separator has-alpha-channel-opacity\"\/>\n\n\n\n<h6 class=\"wp-block-heading has-text-align-center has-base-3-color has-text-color has-background\" id=\"salidas\" style=\"background-color:#5e2ed0\">SALIDA EDUCATIVA<\/h6>\n\n\n\n<p class=\"has-text-align-center\"><\/p>\n\n\n\n<ul>\n<li><a rel=\"noreferrer noopener\" href=\"https:\/\/drive.google.com\/file\/d\/1qER08ZNCUimpa8O0-QJci12_34fkQ2xn\/view?usp=drive_link\" data-type=\"URL\" data-id=\"https:\/\/drive.google.com\/file\/d\/1qER08ZNCUimpa8O0-QJci12_34fkQ2xn\/view?usp=drive_link\" target=\"_blank\">Autorizaci\u00f3n menores de 18 a\u00f1os<\/a><\/li>\n\n\n\n<li><a href=\"https:\/\/drive.google.com\/file\/d\/16JqBO1Ovv1OZruz7FAIL4A-l_pU4rv38\/view?usp=sharing\" data-type=\"URL\" data-id=\"https:\/\/drive.google.com\/file\/d\/16JqBO1Ovv1OZruz7FAIL4A-l_pU4rv38\/view?usp=sharing\" target=\"_blank\" rel=\"noreferrer noopener\">Autorizaci\u00f3n mayores de 18  a\u00f1os<\/a><\/li>\n<\/ul>\n\n\n\n<hr class=\"wp-block-separator has-alpha-channel-opacity\"\/>\n\n\n\n<h6 class=\"wp-block-heading has-text-align-center has-base-3-color has-text-color has-background\" id=\"itinerante\" style=\"background-color:#5e2ed0\"><strong>ESTUDIANTE ITINERANTE<\/strong> <\/h6>\n\n\n\n<p>Es quien cursa como estudiante regular matriculado en la Escuela de Danzas y, al mismo tiempo, cursa una o m\u00e1s materias en otro Instituto Superior, de la jurisdicci\u00f3n, en la que no se encuentra matriculada o matriculado para acreditar una o m\u00e1s materias en un Profesorado o Tecnicatura.<\/p>\n\n\n\n<p>Se puede cursar como estudiante itinerante <strong>hasta el 30%<\/strong> <strong>de las materias de la carrera<\/strong>.&nbsp;<\/p>\n\n\n\n<p>Quedan <strong>exceptuados<\/strong> el Campo de la Pr\u00e1ctica Docente.&nbsp;<\/p>\n\n\n\n<p>Ser\u00e1 condici\u00f3n que la materia en la que solicita cursar corresponda al <strong>mismo plan de estudio<\/strong> o bien sea una materia con <strong>igual denominaci\u00f3n, carga horaria y contenidos m\u00ednimos<\/strong> prescriptos que en el dise\u00f1o de la carrera en la que se encuentra matriculada o matriculado la o el estudiante.<\/p>\n\n\n\n<p>Es <strong>obligaci\u00f3n<\/strong> del\/a estudiante itinerante cumplir con las condiciones institucionales y de la&nbsp; propuesta pedag\u00f3gica para la acreditaci\u00f3n de la materia del Instituto Superior en el que realiza la solicitud.<\/p>\n\n\n\n<p><strong>SOLICITUD<\/strong><\/p>\n\n\n\n<p>Se realizar\u00e1 en el periodo de inscripci\u00f3n a las materias, teniendo en cuenta las fechas dispuestas por el Instituto Superior en el que aspira cursar.<\/p>\n\n\n\n<ul>\n<li>Presentar ante la direcci\u00f3n del Instituto Superior donde aspira a cursar el <a href=\"https:\/\/drive.google.com\/file\/d\/1fC_-arj4rtA_DYxvZfgmq6Xb0STcvgvx\/view?usp=sharing\">Formulario A de solicitud<\/a>, junto con el certificado anal\u00edtico parcial actualizado al momento de la solicitud.<\/li>\n<\/ul>\n\n\n\n<ul>\n<li>Notificar a la Direcci\u00f3n de la Escuela de Danzas la aceptaci\u00f3n como estudiante itinerante en otro Instituto Superior a trav\u00e9s de la entrega del <a href=\"https:\/\/drive.google.com\/file\/d\/18fxGp9KgpzLcRb3sGer6B09BgIEpuWjf\/view?usp=sharing\">Formulario B de notificaci\u00f3n<\/a>.<\/li>\n<\/ul>\n\n\n\n<p><strong>Al finalizar la cursada<\/strong>, cada estudiante deber\u00e1:&nbsp;<\/p>\n\n\n\n<ul>\n<li>Solicitar ante el Instituto Superior donde cursa como estudiante itinerante el <a href=\"https:\/\/drive.google.com\/file\/d\/1RHBkaCDnnF9FuypbXKLHKKBeQp0v-_wb\/view?usp=sharing\">Formulario D constancia de acreditaci\u00f3n<\/a> y presentarlo en la Escuela de Danzas.<\/li>\n<\/ul>\n\n\n\n<hr class=\"wp-block-separator has-alpha-channel-opacity\"\/>\n\n\n\n<h6 class=\"wp-block-heading has-text-align-center has-base-3-color has-text-color has-background\" id=\"certificados-estudiantes\" style=\"background-color:#5e2ed0\">CERTIFICADOS<\/h6>\n\n\n\n<p><a rel=\"noreferrer noopener\" href=\"https:\/\/drive.google.com\/file\/d\/1X-IenulY_8kT8hytavyjqTuehqb9eZF7\/view?usp=sharing\" target=\"_blank\">Certificado estudiante regular (rellenable digital)<\/a> PDF<\/p>\n\n\n\n<p><a rel=\"noreferrer noopener\" href=\"https:\/\/drive.google.com\/file\/d\/1PVcLv6OTLfk2SCcyUHAt9Jg3mDptg0iD\/view?usp=sharing\" target=\"_blank\">Certificado estudiante regular<\/a> WORD<\/p>\n\n\n\n<p><a rel=\"noreferrer noopener\" href=\"https:\/\/drive.google.com\/file\/d\/1fa8rji8buYSFk7drCf78-YPaL93FXJAK\/view?usp=sharing\" target=\"_blank\">Certificaci\u00f3n de observaciones y pr\u00e1cticas<\/a> PDF<\/p>\n\n\n\n<p><a rel=\"noreferrer noopener\" href=\"https:\/\/drive.google.com\/file\/d\/1nueoTr2qVxFPQBgwAeleZO8f4b6BCVoo\/view?usp=sharing\" target=\"_blank\">Certificado de inscripci\u00f3n<\/a> PDF<\/p>\n\n\n\n<p><a href=\"https:\/\/drive.google.com\/file\/d\/1XZNQhkqfT4rbxzdDslGNXx7Dc1EuW8-v\/view?usp=sharing\" target=\"_blank\" rel=\"noreferrer noopener\">Certificado asistencia a mesa de examen<\/a><\/p>\n\n\n\n<hr class=\"wp-block-separator has-alpha-channel-opacity\"\/>\n\n\n\n<h6 class=\"wp-block-heading has-text-align-center has-base-3-color has-text-color has-background\" id=\"egreso\" style=\"background-color:#5e2ed0\">EGRESO<\/h6>\n\n\n\n<p><a rel=\"noreferrer noopener\" href=\"https:\/\/docs.google.com\/document\/d\/1YiA3Mjsrz3MsfmMth5Uh9n5DkQQZ2CfI\/edit?usp=sharing&amp;ouid=101244250037185305176&amp;rtpof=true&amp;sd=true\" target=\"_blank\">SOLICITUD DE T\u00cdTULO Y LIBRE DEUDA<\/a> WORD<\/p>\n\n\n\n<p><a href=\"https:\/\/drive.google.com\/file\/d\/1-zV2KQpf51_AG1PUcFhT3GZhOGbNR3Cq\/view?usp=sharing\">ACTA 1 &#8211; TECNICATURAS (rellenable digital)<\/a> WORD<\/p>\n\n\n\n<p><a rel=\"noreferrer noopener\" href=\"https:\/\/docs.google.com\/document\/d\/1x1iz5fFtwo0Xt_LsMj31__Q3EYtIEAW9\/edit?usp=sharing&amp;ouid=101244250037185305176&amp;rtpof=true&amp;sd=true\" target=\"_blank\">ACTA 1 &#8211; TECNICATURAS<\/a>  PDF<\/p>\n\n\n\n<p><a rel=\"noreferrer noopener\" href=\"https:\/\/drive.google.com\/file\/d\/1S5Db5mMyVadgtuFP0F8FIO3iZ-OxRJwu\/view?usp=sharing\" target=\"_blank\">Certificado de titulo en tr\u00e1mite<\/a> PDF<\/p>\n\n\n\n<p><a href=\"https:\/\/drive.google.com\/file\/d\/1b2HzUziTCUSjeixFOL1kHdyWBIg9_ytV\/view?usp=sharing\" target=\"_blank\" rel=\"noreferrer noopener\">CONSTANCIA INSCRIPCI\u00d3N A LA DOCENCIA (rellenable formato digital)<\/a> WORD<\/p>\n\n\n\n<p><a href=\"https:\/\/drive.google.com\/file\/d\/1VV0Bk0ioWks3Bmq9NB0LWESad8HAxf-E\/view?usp=sharing\" target=\"_blank\" rel=\"noreferrer noopener\">CONSTANCIA INSCRIPCI\u00d3N A LA DOCENCIA<\/a> PDF<\/p>\n\n\n\n<p><\/p>\n\n\n\n<p><\/p>\n","protected":false},"excerpt":{"rendered":"<p>Detalle de procedimientos administrativos estudiantes INSCRIPCI\u00d3N FORMACIONES B\u00c1SICAS FORMACI\u00d3N B\u00c1SICA DANZA CL\u00c1SICA INGRESANTES: ESTUDIANTES REGULARES FORMACI\u00d3N B\u00c1SICA DANZA CONTEMPOR\u00c1NEA INGRESANTES Y ESTUDIANTES REGULARES: FORMACI\u00d3N B\u00c1SICA EXPRESI\u00d3N CORPORAL Y DANZAS FOLKL\u00d3RICAS INGRESANTES: TECNICATURAS Y PROFESORADOS TECNICATURA DANZA CL\u00c1SICA PROFESORADO DANZA CL\u00c1SICA TECNICATURA DANZA CONTEMPOR\u00c1NEA PROFESORADO DANZA CONTEMPOR\u00c1NEA PROFESORADO EXPRESI\u00d3N CORPORAL TECNICATURA DANZAS FOLKL\u00d3RICAS PROFESORADO DANZAS FOLKL\u00d3RICAS &#8230; <a title=\"Descarga de formularios\" class=\"read-more\" href=\"https:\/\/ecbblanca-bue.infd.edu.ar\/sitio\/planillas-y-otros-documentos\/\" aria-label=\"More on Descarga de formularios\">[+]<\/a><\/p>\n","protected":false},"author":615,"featured_media":0,"parent":0,"menu_order":0,"comment_status":"closed","ping_status":"closed","template":"","meta":[],"acf":[],"_links":{"self":[{"href":"https:\/\/ecbblanca-bue.infd.edu.ar\/sitio\/wp-json\/wp\/v2\/pages\/1275"}],"collection":[{"href":"https:\/\/ecbblanca-bue.infd.edu.ar\/sitio\/wp-json\/wp\/v2\/pages"}],"about":[{"href":"https:\/\/ecbblanca-bue.infd.edu.ar\/sitio\/wp-json\/wp\/v2\/types\/page"}],"author":[{"embeddable":true,"href":"https:\/\/ecbblanca-bue.infd.edu.ar\/sitio\/wp-json\/wp\/v2\/users\/615"}],"replies":[{"embeddable":true,"href":"https:\/\/ecbblanca-bue.infd.edu.ar\/sitio\/wp-json\/wp\/v2\/comments?post=1275"}],"version-history":[{"count":155,"href":"https:\/\/ecbblanca-bue.infd.edu.ar\/sitio\/wp-json\/wp\/v2\/pages\/1275\/revisions"}],"predecessor-version":[{"id":4012,"href":"https:\/\/ecbblanca-bue.infd.edu.ar\/sitio\/wp-json\/wp\/v2\/pages\/1275\/revisions\/4012"}],"wp:attachment":[{"href":"https:\/\/ecbblanca-bue.infd.edu.ar\/sitio\/wp-json\/wp\/v2\/media?parent=1275"}],"curies":[{"name":"wp","href":"https:\/\/api.w.org\/{rel}","templated":true}]}}