{"id":1249,"date":"2020-03-05T12:08:48","date_gmt":"2020-03-05T15:08:48","guid":{"rendered":"https:\/\/ecbblanca-bue.infd.edu.ar\/sitio\/?page_id=1249"},"modified":"2026-03-26T17:34:16","modified_gmt":"2026-03-26T20:34:16","slug":"horarios-cursada","status":"publish","type":"page","link":"https:\/\/ecbblanca-bue.infd.edu.ar\/sitio\/horarios-cursada\/","title":{"rendered":"Horarios de cursada por carrera y ciclo"},"content":{"rendered":"\n<p>\u25ba\u00a0<strong><span style=\"color: #ff9900;\">CONTEMPOR\u00c1NEO\u00a0<\/span><\/strong><a href=\"https:\/\/docs.google.com\/document\/d\/1D-6lr0hWmxVbjDhhHJRK7NeY2rc046_v\/edit?usp=sharing&amp;ouid=101244250037185305176&amp;rtpof=true&amp;sd=true\" target=\"_blank\" rel=\"noreferrer noopener\">(Formaci\u00f3n B\u00e1sica)<\/a><br>\u25ba\u00a0<strong><span style=\"color: #ff9900;\">CONTEMPOR\u00c1NEO<\/span> <\/strong><a rel=\"noreferrer noopener\" href=\"https:\/\/docs.google.com\/document\/d\/1p6k6Rx7mHxp3o03Q4UYzrstjA6Xh9oJm\/edit?usp=sharing&amp;ouid=101244250037185305176&amp;rtpof=true&amp;sd=true\" target=\"_blank\">(Tecnicatura)<\/a><br>\u25ba <strong><span style=\"color: #ff9900;\">CONTEMPOR\u00c1NEO<\/span> <\/strong><a rel=\"noreferrer noopener\" href=\"https:\/\/docs.google.com\/document\/d\/1P2bn0LOZnNDftjh5j36cANx4PIaMQPFh\/edit?usp=sharing&amp;ouid=101244250037185305176&amp;rtpof=true&amp;sd=true\" target=\"_blank\">(Profesorado<\/a>)<br>\u25ba <span style=\"color: #008000;\"><strong>EXPRESI\u00d3N<\/strong> <strong>CORPORAL <\/strong><\/span><a rel=\"noreferrer noopener\" href=\"https:\/\/docs.google.com\/document\/d\/1Oa2qj8jQt-xkORbfkKsTwV_eDXY6wbKz\/edit?usp=sharing&amp;ouid=101244250037185305176&amp;rtpof=true&amp;sd=true\" target=\"_blank\">(Formaci\u00f3n B\u00e1sica y Profesorado)<\/a><br>\u25ba\u00a0<span style=\"color: #00b8e6;\"><strong>FOLKLORE\u00a0<\/strong><\/span><a rel=\"noreferrer noopener\" href=\"https:\/\/docs.google.com\/document\/d\/1XmgvqkrlyCr3eUizLWjL1u_gj32-0xrh\/edit?usp=sharing&amp;ouid=101244250037185305176&amp;rtpof=true&amp;sd=true\" target=\"_blank\">(Formaci\u00f3n B\u00e1sica y Profesorado)<\/a><br>\u25ba\u00a0<span style=\"color: #00b8e6;\"><strong>FOLKLORE <\/strong><\/span><a rel=\"noreferrer noopener\" href=\"https:\/\/docs.google.com\/document\/d\/10orU6_MUsqbZLu-bzcx46xrrzKU_n9zX\/edit?usp=sharing&amp;ouid=101244250037185305176&amp;rtpof=true&amp;sd=true\" target=\"_blank\">(Formaci\u00f3n B\u00e1sica y Tecnicatura)<\/a><br>\u25ba <strong><span style=\"color: #ff0000;\">TANGO\u00a0<\/span><\/strong><a rel=\"noreferrer noopener\" href=\"https:\/\/docs.google.com\/document\/d\/14OU9lFspHF6mu0dXLusQdTlYVRPugJki\/edit?usp=sharing&amp;ouid=101244250037185305176&amp;rtpof=true&amp;sd=true\" target=\"_blank\">(Tecnicatura a ciclo cerrado)<\/a><br>\u25ba <strong><span style=\"color: #ff1e98;\"> CL\u00c1SICO <\/span><\/strong><a rel=\"noreferrer noopener\" href=\"https:\/\/docs.google.com\/document\/d\/18KkZGTul7MIdKGG6hX9hNYQg2AIG24Yu\/edit?usp=sharing&amp;ouid=101244250037185305176&amp;rtpof=true&amp;sd=true\" target=\"_blank\">(Formaci\u00f3n B\u00e1sica &#8211; Preparatorio)<\/a><br>\u25ba <strong><span style=\"color: #ff1e98;\"> CL\u00c1SICO <\/span><\/strong><a rel=\"noreferrer noopener\" href=\"https:\/\/docs.google.com\/document\/d\/1ocjfQSTeWjmuoO9an17tEb4uJP46XiXs\/edit?usp=sharing&amp;ouid=101244250037185305176&amp;rtpof=true&amp;sd=true\" target=\"_blank\">(Formaci\u00f3n B\u00e1sica &#8211; Iniciaci\u00f3n)<\/a><br>\u25ba <strong><span style=\"color: #ff1e98;\"> CL\u00c1SICO <\/span><\/strong><a rel=\"noreferrer noopener\" href=\"https:\/\/docs.google.com\/document\/d\/1U_RMdULDZptyASNcRsWQEIl5T4uRZBwC\/edit?usp=sharing&amp;ouid=101244250037185305176&amp;rtpof=true&amp;sd=true\" target=\"_blank\">(Formaci\u00f3n B\u00e1sica &#8211; Ciclo Medio)<\/a><br>\u25ba <strong><span style=\"color: #ff1e98;\">CL\u00c1SICO<\/span> <\/strong><a rel=\"noreferrer noopener\" href=\"https:\/\/docs.google.com\/document\/d\/1z2r129Zpp2ERo8X9ovR3jq6F7TK2xWYG\/edit?usp=sharing&amp;ouid=101244250037185305176&amp;rtpof=true&amp;sd=true\" target=\"_blank\">(Tecnicatura)<\/a><br>\u25ba <span style=\"color: #ff1e98;\"><strong>CL\u00c1SICO<\/strong> <\/span><a rel=\"noreferrer noopener\" href=\"https:\/\/docs.google.com\/document\/d\/1N-2ECddC3GNE83z7SKjHgpwFz9jQensb\/edit?usp=sharing&amp;ouid=101244250037185305176&amp;rtpof=true&amp;sd=true\" target=\"_blank\">(Profesorado)<\/a><\/p>\n\n\n\n<hr class=\"wp-block-separator has-alpha-channel-opacity\"\/>\n\n\n\n<h4 class=\"wp-block-heading\"><a href=\"https:\/\/docs.google.com\/spreadsheets\/d\/1RDluNa6w_1nlmGfGKVPKOKs592uRZuss\/edit?usp=sharing&amp;ouid=101244250037185305176&amp;rtpof=true&amp;sd=true\" target=\"_blank\" rel=\"noreferrer noopener\">GRILLA COMPLETA POR TURNOS<\/a><\/h4>\n\n\n\n<hr class=\"wp-block-separator has-alpha-channel-opacity\"\/>\n\n\n\n<h4 class=\"wp-block-heading\"><a href=\"https:\/\/docs.google.com\/document\/d\/1eplPfIPKo5ml6jNksvz-AlO7ynD_sd4P\/edit?usp=sharing&amp;ouid=101244250037185305176&amp;rtpof=true&amp;sd=true\" target=\"_blank\" rel=\"noreferrer noopener\">Horarios cargos institucionales<\/a><\/h4>\n\n\n\n<hr class=\"wp-block-separator has-alpha-channel-opacity\"\/>\n\n\n\n<p><a href=\"https:\/\/ecbblanca-bue.infd.edu.ar\/sitio\/plantel-docente\/\" target=\"_blank\" rel=\"noopener\">\u25ba Listado de correos electr\u00f3nicos de docentes<\/a><\/p>\n","protected":false},"excerpt":{"rendered":"<p>\u25ba\u00a0CONTEMPOR\u00c1NEO\u00a0(Formaci\u00f3n B\u00e1sica)\u25ba\u00a0CONTEMPOR\u00c1NEO (Tecnicatura)\u25ba CONTEMPOR\u00c1NEO (Profesorado)\u25ba EXPRESI\u00d3N CORPORAL (Formaci\u00f3n B\u00e1sica y Profesorado)\u25ba\u00a0FOLKLORE\u00a0(Formaci\u00f3n B\u00e1sica y Profesorado)\u25ba\u00a0FOLKLORE (Formaci\u00f3n B\u00e1sica y Tecnicatura)\u25ba TANGO\u00a0(Tecnicatura a ciclo cerrado)\u25ba CL\u00c1SICO (Formaci\u00f3n B\u00e1sica &#8211; Preparatorio)\u25ba CL\u00c1SICO (Formaci\u00f3n B\u00e1sica &#8211; Iniciaci\u00f3n)\u25ba CL\u00c1SICO (Formaci\u00f3n B\u00e1sica &#8211; Ciclo Medio)\u25ba CL\u00c1SICO (Tecnicatura)\u25ba CL\u00c1SICO (Profesorado) GRILLA COMPLETA POR TURNOS Horarios cargos institucionales \u25ba Listado de correos electr\u00f3nicos de &#8230; <a title=\"Horarios de cursada por carrera y ciclo\" class=\"read-more\" href=\"https:\/\/ecbblanca-bue.infd.edu.ar\/sitio\/horarios-cursada\/\" aria-label=\"More on Horarios de cursada por carrera y ciclo\">[+]<\/a><\/p>\n","protected":false},"author":615,"featured_media":0,"parent":0,"menu_order":0,"comment_status":"closed","ping_status":"closed","template":"","meta":[],"acf":[],"_links":{"self":[{"href":"https:\/\/ecbblanca-bue.infd.edu.ar\/sitio\/wp-json\/wp\/v2\/pages\/1249"}],"collection":[{"href":"https:\/\/ecbblanca-bue.infd.edu.ar\/sitio\/wp-json\/wp\/v2\/pages"}],"about":[{"href":"https:\/\/ecbblanca-bue.infd.edu.ar\/sitio\/wp-json\/wp\/v2\/types\/page"}],"author":[{"embeddable":true,"href":"https:\/\/ecbblanca-bue.infd.edu.ar\/sitio\/wp-json\/wp\/v2\/users\/615"}],"replies":[{"embeddable":true,"href":"https:\/\/ecbblanca-bue.infd.edu.ar\/sitio\/wp-json\/wp\/v2\/comments?post=1249"}],"version-history":[{"count":57,"href":"https:\/\/ecbblanca-bue.infd.edu.ar\/sitio\/wp-json\/wp\/v2\/pages\/1249\/revisions"}],"predecessor-version":[{"id":3999,"href":"https:\/\/ecbblanca-bue.infd.edu.ar\/sitio\/wp-json\/wp\/v2\/pages\/1249\/revisions\/3999"}],"wp:attachment":[{"href":"https:\/\/ecbblanca-bue.infd.edu.ar\/sitio\/wp-json\/wp\/v2\/media?parent=1249"}],"curies":[{"name":"wp","href":"https:\/\/api.w.org\/{rel}","templated":true}]}}