{"id":1109,"date":"2018-08-29T22:44:03","date_gmt":"2018-08-30T01:44:03","guid":{"rendered":"https:\/\/ecbblanca-bue.infd.edu.ar\/sitio\/solicitud-de-equivalencias\/"},"modified":"2025-12-09T09:44:50","modified_gmt":"2025-12-09T12:44:50","slug":"equivalencias","status":"publish","type":"page","link":"https:\/\/ecbblanca-bue.infd.edu.ar\/sitio\/equivalencias\/","title":{"rendered":"Equivalencia autom\u00e1tica"},"content":{"rendered":"\n<p><strong>Se otorgar\u00e1 equivalencia autom\u00e1tica cuando se trate de materias con la misma denominaci\u00f3n y contenidos en los planes de estudio de las carreras vigentes en la jurisdicci\u00f3n.<\/strong><\/p>\n\n\n\n<p>Las solicitudes se realizar\u00e1n por autogesti\u00f3n a trav\u00e9s de los links que se encuentran debajo. Excepto en las Carreras de Expresi\u00f3n Corporal Y Danzas Folkl\u00f3ricas, en las que deber\u00e1 imprimirse y completar el formulario, y presentarlo presencialmente en la Escuela en horario de Jefatura. <br>Cada link corresponde a carreras diferentes.<\/p>\n\n\n\n<p class=\"has-text-color\" style=\"color:#f20000\">&#x26a0;&#xfe0f;<strong>Fecha l\u00edmite para la solicitud:<\/strong> <strong>Inicios marzo 2026<\/strong><\/p>\n\n\n\n<p>&#x1f5d2;&#xfe0f; Necesit\u00e1s:<br>\u2022 Planificaci\u00f3n\/es de la\/s materia\/s aprobada\/s que presentar\u00e1s.<br>\u2022 Certificado Anal\u00edtico (si es que la cursaste en otra instituci\u00f3n).<br>Si la materia la cursaste en nuestra instituci\u00f3n no es necesario el anal\u00edtico pero s\u00ed la planificaci\u00f3n.<\/p>\n\n\n\n<hr class=\"wp-block-separator has-alpha-channel-opacity\"\/>\n\n\n\n<p>Si estas cursando alguna carrera en <strong>Danza Cl\u00e1sica<\/strong> (Formaci\u00f3n b\u00e1sica, tecnicatura o profesorado), y ten\u00e9s que pedir equivalencias, hac\u00e9 click ac\u00e1:<\/p>\n\n\n\n<div class=\"wp-block-buttons is-layout-flex\">\n<div class=\"wp-block-button is-style-fill\"><a class=\"wp-block-button__link has-background wp-element-button\" href=\"https:\/\/docs.google.com\/forms\/d\/e\/1FAIpQLSenEzI-1QpbAC8T5wPdizlB8d5SS1sfuX7Wp8NgfI48m8qQ9w\/viewform?pli=1\" style=\"border-radius:10px;background-color:#b958fa\">Equivalencias Danza Cl\u00e1sica<\/a><\/div>\n<\/div>\n\n\n\n<p>Si ten\u00e9s dudas podes escribir a: <a href=\"mailto:jefaturaclasicoedc@gmail.com\">jefaturaclasicoedc@gmail.com<\/a> (Rocio Antunez)<\/p>\n\n\n\n<hr class=\"wp-block-separator has-alpha-channel-opacity\"\/>\n\n\n\n<p>Si est\u00e1s cursando La tecnicatura y\/o el profesorado en <strong>Danzas Folkl\u00f3ricas<\/strong>, o el profesorado en <strong>Expresi\u00f3n Corporal<\/strong>, y ten\u00e9s que pedir equivalencias, hac\u00e9 click ac\u00e1. Deb\u00e9s completar la planilla en l\u00ednea o a mano, descargarla y presentar la documentaci\u00f3n presencialmente en la Escuela, en los horarios de Jefatura. <\/p>\n\n\n\n<div class=\"wp-block-buttons is-layout-flex\">\n<div class=\"wp-block-button is-style-fill\"><a class=\"wp-block-button__link has-background wp-element-button\" href=\"https:\/\/docs.google.com\/document\/d\/1RQm9BFlXiEEZKJEwPK3xYMiQlEvN0cxQ\/edit?rtpof=true&amp;tab=t.0\" style=\"border-radius:10px;background-color:#118cff\" target=\"_blank\" rel=\"noreferrer noopener\">Tecnicatura Danzas Folkl\u00f3ricas<\/a><\/div>\n<\/div>\n\n\n\n<div class=\"wp-block-buttons is-layout-flex\">\n<div class=\"wp-block-button is-style-fill\"><a class=\"wp-block-button__link has-background wp-element-button\" href=\"https:\/\/docs.google.com\/document\/d\/1eODJ4elNYiuXLvt_nHRxdNXAtNFYVYyW\/edit\" style=\"border-radius:10px;background-color:#118cff\" target=\"_blank\" rel=\"noreferrer noopener\">Profesorado Danzas Folkl\u00f3ricas<\/a><\/div>\n<\/div>\n\n\n\n<div class=\"wp-block-buttons is-layout-flex\">\n<div class=\"wp-block-button is-style-fill\"><a class=\"wp-block-button__link has-background wp-element-button\" href=\"https:\/\/docs.google.com\/document\/d\/1mRUFpD3qEYOvww87rnzTNTfEw53STKDI\/edit\" style=\"border-radius:10px;background-color:#0e970a\" target=\"_blank\" rel=\"noreferrer noopener\">Profesorado Expresi\u00f3n Corporal<\/a><\/div>\n<\/div>\n\n\n\n<p>Si ten\u00e9s dudas podes escribir a: <a href=\"mailto:jefaturaexpresionfolclore@gmail.com\">jefaturaexpresionfolclore@gmail.com<\/a> (Alejandra Fittipaldi)<\/p>\n\n\n\n<hr class=\"wp-block-separator has-alpha-channel-opacity\"\/>\n\n\n\n<p>Si estas cursando La formaci\u00f3n b\u00e1sica, tecnicatura, profesorado en <strong>Contempor\u00e1neo <\/strong>o la Tecnicatura en <strong>Tango<\/strong>, hac\u00e9 click ac\u00e1. Deber\u00e1s contar con un correo Gmail para ingresar. <\/p>\n\n\n\n<div class=\"wp-block-buttons is-layout-flex\">\n<div class=\"wp-block-button is-style-fill\"><a class=\"wp-block-button__link has-luminous-vivid-orange-background-color has-background wp-element-button\" href=\"https:\/\/docs.google.com\/forms\/d\/e\/1FAIpQLSeclHx1snvdBHYnFh33zjeNws1Q64hV2pUVdrWTBokwglZslA\/viewform\" style=\"border-radius:10px\" target=\"_blank\" rel=\"noreferrer noopener\">Formaci\u00f3n B\u00e1sica Danza Contempor\u00e1nea <\/a><\/div>\n<\/div>\n\n\n\n<div class=\"wp-block-buttons is-layout-flex\">\n<div class=\"wp-block-button is-style-fill\"><a class=\"wp-block-button__link has-luminous-vivid-orange-background-color has-background wp-element-button\" href=\"https:\/\/docs.google.com\/forms\/d\/e\/1FAIpQLSfTigvvgsKPmYKIXgH6Nhm40hb7AhlJRM5KV3sTePwrZ1g-zA\/viewform\" style=\"border-radius:10px\" target=\"_blank\" rel=\"noreferrer noopener\">Tecnicatura Danza Contempor\u00e1nea<\/a><\/div>\n<\/div>\n\n\n\n<div class=\"wp-block-buttons is-layout-flex\">\n<div class=\"wp-block-button is-style-fill\"><a class=\"wp-block-button__link has-luminous-vivid-orange-background-color has-background wp-element-button\" href=\"https:\/\/docs.google.com\/forms\/d\/e\/1FAIpQLSc4HINEhp6i2WSBBtpJEtWwOCjfB7eT8ZWj9sxEFWKugVulkg\/viewform\" style=\"border-radius:10px\" target=\"_blank\" rel=\"noreferrer noopener\">Profesorado Danza Contempor\u00e1nea<\/a><\/div>\n<\/div>\n\n\n\n<div class=\"wp-block-buttons is-layout-flex\">\n<div class=\"wp-block-button is-style-fill\"><a class=\"wp-block-button__link has-background wp-element-button\" href=\"https:\/\/docs.google.com\/forms\/d\/e\/1FAIpQLSevhBcNQV6t_6l7d-8vgBYJiM32P3occ3zVbevXD-nLWWGj5w\/viewform\" style=\"border-radius:10px;background-color:#ff0000\" target=\"_blank\" rel=\"noreferrer noopener\">Tango<\/a><\/div>\n<\/div>\n\n\n\n<p>Si ten\u00e9s dudas podes escribir a: <a href=\"mailto:jefaturacontempotangoedc@gmail.com\" target=\"_blank\" rel=\"noreferrer noopener\">jefaturacontempotangoedc@gmail.com<\/a> (Juan Mart\u00edn Gomila Molina)<\/p>\n\n\n\n<hr class=\"wp-block-separator has-alpha-channel-opacity\"\/>\n\n\n\n<p>Los docentes tienen la obligaci\u00f3n de entregar las planificaciones de sus materias. EL TR\u00c1MITE DE EQUIVALENCIAS ES PERSONAL y es necesario conocer el procedimiento de este tr\u00e1mite.<\/p>\n","protected":false},"excerpt":{"rendered":"<p>Se otorgar\u00e1 equivalencia autom\u00e1tica cuando se trate de materias con la misma denominaci\u00f3n y contenidos en los planes de estudio de las carreras vigentes en la jurisdicci\u00f3n. Las solicitudes se realizar\u00e1n por autogesti\u00f3n a trav\u00e9s de los links que se encuentran debajo. Excepto en las Carreras de Expresi\u00f3n Corporal Y Danzas Folkl\u00f3ricas, en las que &#8230; <a title=\"Equivalencia autom\u00e1tica\" class=\"read-more\" href=\"https:\/\/ecbblanca-bue.infd.edu.ar\/sitio\/equivalencias\/\" aria-label=\"More on Equivalencia autom\u00e1tica\">[+]<\/a><\/p>\n","protected":false},"author":134,"featured_media":0,"parent":0,"menu_order":0,"comment_status":"closed","ping_status":"closed","template":"","meta":[],"acf":[],"_links":{"self":[{"href":"https:\/\/ecbblanca-bue.infd.edu.ar\/sitio\/wp-json\/wp\/v2\/pages\/1109"}],"collection":[{"href":"https:\/\/ecbblanca-bue.infd.edu.ar\/sitio\/wp-json\/wp\/v2\/pages"}],"about":[{"href":"https:\/\/ecbblanca-bue.infd.edu.ar\/sitio\/wp-json\/wp\/v2\/types\/page"}],"author":[{"embeddable":true,"href":"https:\/\/ecbblanca-bue.infd.edu.ar\/sitio\/wp-json\/wp\/v2\/users\/134"}],"replies":[{"embeddable":true,"href":"https:\/\/ecbblanca-bue.infd.edu.ar\/sitio\/wp-json\/wp\/v2\/comments?post=1109"}],"version-history":[{"count":42,"href":"https:\/\/ecbblanca-bue.infd.edu.ar\/sitio\/wp-json\/wp\/v2\/pages\/1109\/revisions"}],"predecessor-version":[{"id":3953,"href":"https:\/\/ecbblanca-bue.infd.edu.ar\/sitio\/wp-json\/wp\/v2\/pages\/1109\/revisions\/3953"}],"wp:attachment":[{"href":"https:\/\/ecbblanca-bue.infd.edu.ar\/sitio\/wp-json\/wp\/v2\/media?parent=1109"}],"curies":[{"name":"wp","href":"https:\/\/api.w.org\/{rel}","templated":true}]}}